{"id":585,"date":"2016-06-06T18:30:06","date_gmt":"2016-06-06T23:30:06","guid":{"rendered":"https:\/\/enjoymiamibeach.com\/espanol\/?page_id=585"},"modified":"2018-10-06T12:50:40","modified_gmt":"2018-10-06T17:50:40","slug":"flamingo-park","status":"publish","type":"page","link":"https:\/\/enjoymiamibeach.com\/espanol\/outdoors\/flamingo-park\/","title":{"rendered":"Parque Flamingo"},"content":{"rendered":"<p>Este parque es utilizado principalmente por los residentes, sin embargo creemos que tiene algo que ofrecer para todos.<\/p>\n<p>Si te gustan los deportes, tiene un complejo de tenis (17 canchas), un estadio de b\u00e9isbol, una cancha de b\u00e1squetbol, handball y racquetball, un campo de softbol, un campo de f\u00fatbol, una pista de atletismo y<br \/>\nuna piscina (m\u00e1s sobre eso a continuaci\u00f3n).<\/p>\n<p>Para los ni\u00f1os hay un parque infantil regular y un parque acu\u00e1tico.<\/p>\n<p>Si te gustan las caminatas y sentarte a observar gente, este tambi\u00e9n es un buen lugar.<\/p>\n<p>As\u00ed que, b\u00e1sicamente, si deseas alejarte del ruido de las calles y rodearte de un poco de naturaleza, si te gusta nadar o practicar deportes, o si tienes ni\u00f1os y deseas llevarlos a un lindo parque infantil, vale la pena echarle un vistazo al Flamingo Park.<\/p>\n<p>La direcci\u00f3n: 1200 Michigan Avenue, Miami Beach, FL 33139<\/p>\n<p>Para obtener m\u00e1s informaci\u00f3n, visita <a href=\"http:\/\/miamibeachfl.gov\/parksandrecreation\/scroll.aspx?id=15742\" target=\"_blank\" rel=\"noopener\">web.miamibeachfl.gov<\/a><\/p>\n<h4 id=\"flamingo-pool\">Piscina Flamingo Park<\/h4>\n<p>Esta piscina de 8 carriles es fresca en el verano y climatizada durante el invierno para mantener una temperatura de 79\/84 o F (26\/28 o C). Puedes tomar clases o nadar por tu cuenta. Las instalaciones tienen casilleros y duchas.<\/p>\n<p>Precios:<\/p>\n<ul>\n<li>Ni\u00f1os de 3 a\u00f1os o menos: gratis<\/li>\n<li>4 &#8211; 17 a\u00f1os: $ 6 (gratis para residentes)<\/li>\n<li>Adultos mayores de 18 a\u00f1os: $ 10 (gratis para residentes)<\/li>\n<\/ul>\n<p>Horario: Abierto todos los d\u00edas excepto los martes y determinadas festividades.<\/p>\n<p>Para obtener m\u00e1s informaci\u00f3n, visita <a href=\"http:\/\/web.miamibeachfl.gov\/parksandrecreation\/scroll.aspx?id=13930\" target=\"_blank\" rel=\"noopener\">web.miamibeachfl.gov<\/a><\/p>\n","protected":false},"excerpt":{"rendered":"<p>Este parque es utilizado principalmente por los residentes, sin embargo creemos que tiene algo que ofrecer para todos. Si te gustan los deportes, tiene un complejo de tenis (17 canchas), un estadio de b\u00e9isbol, una cancha de b\u00e1squetbol, handball y racquetball, un campo de softbol, <a class=\"more-link\" href=\"https:\/\/enjoymiamibeach.com\/espanol\/outdoors\/flamingo-park\/\">Read More &#8230;<\/a><\/p>\n","protected":false},"author":2,"featured_media":0,"parent":14,"menu_order":0,"comment_status":"closed","ping_status":"closed","template":"","meta":[],"yoast_head":"<!-- This site is optimized with the Yoast SEO plugin v18.8 - https:\/\/yoast.com\/wordpress\/plugins\/seo\/ -->\n<title>Parque Flamingo - ENJOY MIAMI BEACH<\/title>\n<meta name=\"robots\" content=\"index, follow, max-snippet:-1, max-image-preview:large, max-video-preview:-1\" \/>\n<link rel=\"canonical\" href=\"https:\/\/enjoymiamibeach.com\/espanol\/outdoors\/flamingo-park\/\" \/>\n<meta property=\"og:locale\" content=\"es_ES\" \/>\n<meta property=\"og:type\" content=\"article\" \/>\n<meta property=\"og:title\" content=\"Parque Flamingo - ENJOY MIAMI BEACH\" \/>\n<meta property=\"og:description\" content=\"Este parque es utilizado principalmente por los residentes, sin embargo creemos que tiene algo que ofrecer para todos. Si te gustan los deportes, tiene un complejo de tenis (17 canchas), un estadio de b\u00e9isbol, una cancha de b\u00e1squetbol, handball y racquetball, un campo de softbol, Read More ...\" \/>\n<meta property=\"og:url\" content=\"https:\/\/enjoymiamibeach.com\/espanol\/outdoors\/flamingo-park\/\" \/>\n<meta property=\"og:site_name\" content=\"ENJOY MIAMI BEACH\" \/>\n<meta property=\"article:modified_time\" content=\"2018-10-06T17:50:40+00:00\" \/>\n<meta name=\"twitter:card\" content=\"summary\" \/>\n<meta name=\"twitter:label1\" content=\"Tiempo de lectura\" \/>\n\t<meta name=\"twitter:data1\" content=\"1 minuto\" \/>\n<script type=\"application\/ld+json\" class=\"yoast-schema-graph\">{\"@context\":\"https:\/\/schema.org\",\"@graph\":[{\"@type\":\"WebSite\",\"@id\":\"https:\/\/enjoymiamibeach.com\/espanol\/#website\",\"url\":\"https:\/\/enjoymiamibeach.com\/espanol\/\",\"name\":\"ENJOY MIAMI BEACH\",\"description\":\"Miami Beach informaci\u00f3n para el turista - precios de taxi - Ocean DR - Lincoln RD\",\"potentialAction\":[{\"@type\":\"SearchAction\",\"target\":{\"@type\":\"EntryPoint\",\"urlTemplate\":\"https:\/\/enjoymiamibeach.com\/espanol\/?s={search_term_string}\"},\"query-input\":\"required name=search_term_string\"}],\"inLanguage\":\"es\"},{\"@type\":\"WebPage\",\"@id\":\"https:\/\/enjoymiamibeach.com\/espanol\/outdoors\/flamingo-park\/#webpage\",\"url\":\"https:\/\/enjoymiamibeach.com\/espanol\/outdoors\/flamingo-park\/\",\"name\":\"Parque Flamingo - ENJOY MIAMI BEACH\",\"isPartOf\":{\"@id\":\"https:\/\/enjoymiamibeach.com\/espanol\/#website\"},\"datePublished\":\"2016-06-06T23:30:06+00:00\",\"dateModified\":\"2018-10-06T17:50:40+00:00\",\"breadcrumb\":{\"@id\":\"https:\/\/enjoymiamibeach.com\/espanol\/outdoors\/flamingo-park\/#breadcrumb\"},\"inLanguage\":\"es\",\"potentialAction\":[{\"@type\":\"ReadAction\",\"target\":[\"https:\/\/enjoymiamibeach.com\/espanol\/outdoors\/flamingo-park\/\"]}]},{\"@type\":\"BreadcrumbList\",\"@id\":\"https:\/\/enjoymiamibeach.com\/espanol\/outdoors\/flamingo-park\/#breadcrumb\",\"itemListElement\":[{\"@type\":\"ListItem\",\"position\":1,\"name\":\"Home\",\"item\":\"https:\/\/enjoymiamibeach.com\/espanol\/\"},{\"@type\":\"ListItem\",\"position\":2,\"name\":\"Parques\/Gimnasios\",\"item\":\"https:\/\/enjoymiamibeach.com\/espanol\/outdoors\/\"},{\"@type\":\"ListItem\",\"position\":3,\"name\":\"Parque Flamingo\"}]}]}<\/script>\n<!-- \/ Yoast SEO plugin. -->","yoast_head_json":{"title":"Parque Flamingo - ENJOY MIAMI BEACH","robots":{"index":"index","follow":"follow","max-snippet":"max-snippet:-1","max-image-preview":"max-image-preview:large","max-video-preview":"max-video-preview:-1"},"canonical":"https:\/\/enjoymiamibeach.com\/espanol\/outdoors\/flamingo-park\/","og_locale":"es_ES","og_type":"article","og_title":"Parque Flamingo - ENJOY MIAMI BEACH","og_description":"Este parque es utilizado principalmente por los residentes, sin embargo creemos que tiene algo que ofrecer para todos. Si te gustan los deportes, tiene un complejo de tenis (17 canchas), un estadio de b\u00e9isbol, una cancha de b\u00e1squetbol, handball y racquetball, un campo de softbol, Read More ...","og_url":"https:\/\/enjoymiamibeach.com\/espanol\/outdoors\/flamingo-park\/","og_site_name":"ENJOY MIAMI BEACH","article_modified_time":"2018-10-06T17:50:40+00:00","twitter_card":"summary","twitter_misc":{"Tiempo de lectura":"1 minuto"},"schema":{"@context":"https:\/\/schema.org","@graph":[{"@type":"WebSite","@id":"https:\/\/enjoymiamibeach.com\/espanol\/#website","url":"https:\/\/enjoymiamibeach.com\/espanol\/","name":"ENJOY MIAMI BEACH","description":"Miami Beach informaci\u00f3n para el turista - precios de taxi - Ocean DR - Lincoln RD","potentialAction":[{"@type":"SearchAction","target":{"@type":"EntryPoint","urlTemplate":"https:\/\/enjoymiamibeach.com\/espanol\/?s={search_term_string}"},"query-input":"required name=search_term_string"}],"inLanguage":"es"},{"@type":"WebPage","@id":"https:\/\/enjoymiamibeach.com\/espanol\/outdoors\/flamingo-park\/#webpage","url":"https:\/\/enjoymiamibeach.com\/espanol\/outdoors\/flamingo-park\/","name":"Parque Flamingo - ENJOY MIAMI BEACH","isPartOf":{"@id":"https:\/\/enjoymiamibeach.com\/espanol\/#website"},"datePublished":"2016-06-06T23:30:06+00:00","dateModified":"2018-10-06T17:50:40+00:00","breadcrumb":{"@id":"https:\/\/enjoymiamibeach.com\/espanol\/outdoors\/flamingo-park\/#breadcrumb"},"inLanguage":"es","potentialAction":[{"@type":"ReadAction","target":["https:\/\/enjoymiamibeach.com\/espanol\/outdoors\/flamingo-park\/"]}]},{"@type":"BreadcrumbList","@id":"https:\/\/enjoymiamibeach.com\/espanol\/outdoors\/flamingo-park\/#breadcrumb","itemListElement":[{"@type":"ListItem","position":1,"name":"Home","item":"https:\/\/enjoymiamibeach.com\/espanol\/"},{"@type":"ListItem","position":2,"name":"Parques\/Gimnasios","item":"https:\/\/enjoymiamibeach.com\/espanol\/outdoors\/"},{"@type":"ListItem","position":3,"name":"Parque Flamingo"}]}]}},"_links":{"self":[{"href":"https:\/\/enjoymiamibeach.com\/espanol\/wp-json\/wp\/v2\/pages\/585"}],"collection":[{"href":"https:\/\/enjoymiamibeach.com\/espanol\/wp-json\/wp\/v2\/pages"}],"about":[{"href":"https:\/\/enjoymiamibeach.com\/espanol\/wp-json\/wp\/v2\/types\/page"}],"author":[{"embeddable":true,"href":"https:\/\/enjoymiamibeach.com\/espanol\/wp-json\/wp\/v2\/users\/2"}],"replies":[{"embeddable":true,"href":"https:\/\/enjoymiamibeach.com\/espanol\/wp-json\/wp\/v2\/comments?post=585"}],"version-history":[{"count":8,"href":"https:\/\/enjoymiamibeach.com\/espanol\/wp-json\/wp\/v2\/pages\/585\/revisions"}],"predecessor-version":[{"id":1256,"href":"https:\/\/enjoymiamibeach.com\/espanol\/wp-json\/wp\/v2\/pages\/585\/revisions\/1256"}],"up":[{"embeddable":true,"href":"https:\/\/enjoymiamibeach.com\/espanol\/wp-json\/wp\/v2\/pages\/14"}],"wp:attachment":[{"href":"https:\/\/enjoymiamibeach.com\/espanol\/wp-json\/wp\/v2\/media?parent=585"}],"curies":[{"name":"wp","href":"https:\/\/api.w.org\/{rel}","templated":true}]}}