{"id":560,"date":"2016-06-02T20:27:02","date_gmt":"2016-06-03T01:27:02","guid":{"rendered":"https:\/\/enjoymiamibeach.com\/espanol\/?page_id=560"},"modified":"2019-01-14T08:18:50","modified_gmt":"2019-01-14T13:18:50","slug":"ride-the-metromover-downtown-miami-brickell","status":"publish","type":"page","link":"https:\/\/enjoymiamibeach.com\/espanol\/transportation\/ride-the-metromover-downtown-miami-brickell\/","title":{"rendered":"Viajar en el Metromover"},"content":{"rendered":"<p>\u00bfQuieres dar un paseo por el centro de Miami y Brickell (el distrito<br \/>\nfinanciero de Miami) sin gastar un centavo? Ve al otro lado del puente<br \/>\nde South Beach. Es decir, toma la MacArthur Causeway hasta que<br \/>\nllegues a tierra firme (los autobuses S y C te llevar\u00e1n). All\u00ed hay una<br \/>\nestaci\u00f3n de autobuses llamada \u00abEstaci\u00f3n OMNI\u00bb. Una vez all\u00ed, si miras<br \/>\nhacia arriba, ver\u00e1s los rieles del Metromover y la escalera mec\u00e1nica<br \/>\nque te lleva all\u00ed.<\/p>\n<p>Este peque\u00f1o tren el\u00e9ctrico funciona todos los d\u00edas, desde las 5 am<br \/>\nhasta la medianoche, y conecta los barrios Downtown Miami, Brickell,<br \/>\nPark West y Omni. Llega con frecuencia y puedes transferir entre rutas<br \/>\nen puntos espec\u00edficos. <a href=\"http:\/\/www.miamidade.gov\/transit\/metromover-stations.asp\" target=\"_blank\" rel=\"noopener\">Aqu\u00ed hay un mapa con las estaciones del Metromover<\/a>.<\/p>\n<p>La mejor parte, el Miami Metromover es GRATIS.<\/p>\n<p>Recuerda: las rutas son loops, lo que significa que, si permaneces en el<br \/>\ntren, finalmente llegar\u00e1s de nuevo a la estaci\u00f3n donde lo tomaste.<\/p>\n<p>Una sugerencia: deja que te lleve a Bayside Marketplace (a pocas<br \/>\nparadas) y disfruta de una buena comida o haz algunas compras.<\/p>\n<h4>Rutas:<\/h4>\n<ul>\n<li>Loop interior: el paseo m\u00e1s corto. Circunda el \u00e1rea del centro de Miami.<\/li>\n<li>Omni Loop: circula por el \u00e1rea del centro de Miami y se dirige al norte<br \/>\nhacia el <a href=\"https:\/\/enjoymiamibeach.com\/espanol\/activities\/pamm-perez-art-museum-miami\/\">PAMM &#8211; Perez Art Museum Miami<\/a>.<\/li>\n<li>Brickell Loop: circula por el \u00e1rea del centro de Miami y se dirige hacia<br \/>\nBrickell y el distrito financiero.<\/li>\n<\/ul>\n","protected":false},"excerpt":{"rendered":"<p>\u00bfQuieres dar un paseo por el centro de Miami y Brickell (el distrito financiero de Miami) sin gastar un centavo? Ve al otro lado del puente de South Beach. Es decir, toma la MacArthur Causeway hasta que llegues a tierra firme (los autobuses S y <a class=\"more-link\" href=\"https:\/\/enjoymiamibeach.com\/espanol\/transportation\/ride-the-metromover-downtown-miami-brickell\/\">Read More &#8230;<\/a><\/p>\n","protected":false},"author":2,"featured_media":0,"parent":19,"menu_order":0,"comment_status":"closed","ping_status":"closed","template":"","meta":[],"yoast_head":"<!-- This site is optimized with the Yoast SEO plugin v18.8 - https:\/\/yoast.com\/wordpress\/plugins\/seo\/ -->\n<title>Viajar en el Metromover - ENJOY MIAMI BEACH<\/title>\n<meta name=\"robots\" content=\"index, follow, max-snippet:-1, max-image-preview:large, max-video-preview:-1\" \/>\n<link rel=\"canonical\" href=\"https:\/\/enjoymiamibeach.com\/espanol\/transportation\/ride-the-metromover-downtown-miami-brickell\/\" \/>\n<meta property=\"og:locale\" content=\"es_ES\" \/>\n<meta property=\"og:type\" content=\"article\" \/>\n<meta property=\"og:title\" content=\"Viajar en el Metromover - ENJOY MIAMI BEACH\" \/>\n<meta property=\"og:description\" content=\"\u00bfQuieres dar un paseo por el centro de Miami y Brickell (el distrito financiero de Miami) sin gastar un centavo? Ve al otro lado del puente de South Beach. Es decir, toma la MacArthur Causeway hasta que llegues a tierra firme (los autobuses S y Read More ...\" \/>\n<meta property=\"og:url\" content=\"https:\/\/enjoymiamibeach.com\/espanol\/transportation\/ride-the-metromover-downtown-miami-brickell\/\" \/>\n<meta property=\"og:site_name\" content=\"ENJOY MIAMI BEACH\" \/>\n<meta property=\"article:modified_time\" content=\"2019-01-14T13:18:50+00:00\" \/>\n<meta name=\"twitter:card\" content=\"summary\" \/>\n<meta name=\"twitter:label1\" content=\"Tiempo de lectura\" \/>\n\t<meta name=\"twitter:data1\" content=\"1 minuto\" \/>\n<script type=\"application\/ld+json\" class=\"yoast-schema-graph\">{\"@context\":\"https:\/\/schema.org\",\"@graph\":[{\"@type\":\"WebSite\",\"@id\":\"https:\/\/enjoymiamibeach.com\/espanol\/#website\",\"url\":\"https:\/\/enjoymiamibeach.com\/espanol\/\",\"name\":\"ENJOY MIAMI BEACH\",\"description\":\"Miami Beach informaci\u00f3n para el turista - precios de taxi - Ocean DR - Lincoln RD\",\"potentialAction\":[{\"@type\":\"SearchAction\",\"target\":{\"@type\":\"EntryPoint\",\"urlTemplate\":\"https:\/\/enjoymiamibeach.com\/espanol\/?s={search_term_string}\"},\"query-input\":\"required name=search_term_string\"}],\"inLanguage\":\"es\"},{\"@type\":\"WebPage\",\"@id\":\"https:\/\/enjoymiamibeach.com\/espanol\/transportation\/ride-the-metromover-downtown-miami-brickell\/#webpage\",\"url\":\"https:\/\/enjoymiamibeach.com\/espanol\/transportation\/ride-the-metromover-downtown-miami-brickell\/\",\"name\":\"Viajar en el Metromover - ENJOY MIAMI BEACH\",\"isPartOf\":{\"@id\":\"https:\/\/enjoymiamibeach.com\/espanol\/#website\"},\"datePublished\":\"2016-06-03T01:27:02+00:00\",\"dateModified\":\"2019-01-14T13:18:50+00:00\",\"breadcrumb\":{\"@id\":\"https:\/\/enjoymiamibeach.com\/espanol\/transportation\/ride-the-metromover-downtown-miami-brickell\/#breadcrumb\"},\"inLanguage\":\"es\",\"potentialAction\":[{\"@type\":\"ReadAction\",\"target\":[\"https:\/\/enjoymiamibeach.com\/espanol\/transportation\/ride-the-metromover-downtown-miami-brickell\/\"]}]},{\"@type\":\"BreadcrumbList\",\"@id\":\"https:\/\/enjoymiamibeach.com\/espanol\/transportation\/ride-the-metromover-downtown-miami-brickell\/#breadcrumb\",\"itemListElement\":[{\"@type\":\"ListItem\",\"position\":1,\"name\":\"Home\",\"item\":\"https:\/\/enjoymiamibeach.com\/espanol\/\"},{\"@type\":\"ListItem\",\"position\":2,\"name\":\"Transportation\",\"item\":\"https:\/\/enjoymiamibeach.com\/espanol\/transportation\/\"},{\"@type\":\"ListItem\",\"position\":3,\"name\":\"Viajar en el Metromover\"}]}]}<\/script>\n<!-- \/ Yoast SEO plugin. -->","yoast_head_json":{"title":"Viajar en el Metromover - ENJOY MIAMI BEACH","robots":{"index":"index","follow":"follow","max-snippet":"max-snippet:-1","max-image-preview":"max-image-preview:large","max-video-preview":"max-video-preview:-1"},"canonical":"https:\/\/enjoymiamibeach.com\/espanol\/transportation\/ride-the-metromover-downtown-miami-brickell\/","og_locale":"es_ES","og_type":"article","og_title":"Viajar en el Metromover - ENJOY MIAMI BEACH","og_description":"\u00bfQuieres dar un paseo por el centro de Miami y Brickell (el distrito financiero de Miami) sin gastar un centavo? Ve al otro lado del puente de South Beach. Es decir, toma la MacArthur Causeway hasta que llegues a tierra firme (los autobuses S y Read More ...","og_url":"https:\/\/enjoymiamibeach.com\/espanol\/transportation\/ride-the-metromover-downtown-miami-brickell\/","og_site_name":"ENJOY MIAMI BEACH","article_modified_time":"2019-01-14T13:18:50+00:00","twitter_card":"summary","twitter_misc":{"Tiempo de lectura":"1 minuto"},"schema":{"@context":"https:\/\/schema.org","@graph":[{"@type":"WebSite","@id":"https:\/\/enjoymiamibeach.com\/espanol\/#website","url":"https:\/\/enjoymiamibeach.com\/espanol\/","name":"ENJOY MIAMI BEACH","description":"Miami Beach informaci\u00f3n para el turista - precios de taxi - Ocean DR - Lincoln RD","potentialAction":[{"@type":"SearchAction","target":{"@type":"EntryPoint","urlTemplate":"https:\/\/enjoymiamibeach.com\/espanol\/?s={search_term_string}"},"query-input":"required name=search_term_string"}],"inLanguage":"es"},{"@type":"WebPage","@id":"https:\/\/enjoymiamibeach.com\/espanol\/transportation\/ride-the-metromover-downtown-miami-brickell\/#webpage","url":"https:\/\/enjoymiamibeach.com\/espanol\/transportation\/ride-the-metromover-downtown-miami-brickell\/","name":"Viajar en el Metromover - ENJOY MIAMI BEACH","isPartOf":{"@id":"https:\/\/enjoymiamibeach.com\/espanol\/#website"},"datePublished":"2016-06-03T01:27:02+00:00","dateModified":"2019-01-14T13:18:50+00:00","breadcrumb":{"@id":"https:\/\/enjoymiamibeach.com\/espanol\/transportation\/ride-the-metromover-downtown-miami-brickell\/#breadcrumb"},"inLanguage":"es","potentialAction":[{"@type":"ReadAction","target":["https:\/\/enjoymiamibeach.com\/espanol\/transportation\/ride-the-metromover-downtown-miami-brickell\/"]}]},{"@type":"BreadcrumbList","@id":"https:\/\/enjoymiamibeach.com\/espanol\/transportation\/ride-the-metromover-downtown-miami-brickell\/#breadcrumb","itemListElement":[{"@type":"ListItem","position":1,"name":"Home","item":"https:\/\/enjoymiamibeach.com\/espanol\/"},{"@type":"ListItem","position":2,"name":"Transportation","item":"https:\/\/enjoymiamibeach.com\/espanol\/transportation\/"},{"@type":"ListItem","position":3,"name":"Viajar en el Metromover"}]}]}},"_links":{"self":[{"href":"https:\/\/enjoymiamibeach.com\/espanol\/wp-json\/wp\/v2\/pages\/560"}],"collection":[{"href":"https:\/\/enjoymiamibeach.com\/espanol\/wp-json\/wp\/v2\/pages"}],"about":[{"href":"https:\/\/enjoymiamibeach.com\/espanol\/wp-json\/wp\/v2\/types\/page"}],"author":[{"embeddable":true,"href":"https:\/\/enjoymiamibeach.com\/espanol\/wp-json\/wp\/v2\/users\/2"}],"replies":[{"embeddable":true,"href":"https:\/\/enjoymiamibeach.com\/espanol\/wp-json\/wp\/v2\/comments?post=560"}],"version-history":[{"count":5,"href":"https:\/\/enjoymiamibeach.com\/espanol\/wp-json\/wp\/v2\/pages\/560\/revisions"}],"predecessor-version":[{"id":1289,"href":"https:\/\/enjoymiamibeach.com\/espanol\/wp-json\/wp\/v2\/pages\/560\/revisions\/1289"}],"up":[{"embeddable":true,"href":"https:\/\/enjoymiamibeach.com\/espanol\/wp-json\/wp\/v2\/pages\/19"}],"wp:attachment":[{"href":"https:\/\/enjoymiamibeach.com\/espanol\/wp-json\/wp\/v2\/media?parent=560"}],"curies":[{"name":"wp","href":"https:\/\/api.w.org\/{rel}","templated":true}]}}