{"id":500,"date":"2016-05-24T20:46:12","date_gmt":"2016-05-25T01:46:12","guid":{"rendered":"https:\/\/enjoymiamibeach.com\/espanol\/?page_id=500"},"modified":"2019-01-13T10:21:43","modified_gmt":"2019-01-13T15:21:43","slug":"pamm-perez-art-museum-miami","status":"publish","type":"page","link":"https:\/\/enjoymiamibeach.com\/espanol\/activities\/pamm-perez-art-museum-miami\/","title":{"rendered":"PAMM &#8211; Perez Art Museum Miami \/ Museo de Arte Perez"},"content":{"rendered":"<p>El P\u00e9rez Art Museum Miami (PAMM) es un museo de arte contempor\u00e1neo ubicado en el Museum Park, en el centro de Miami, Florida. El foco del museo es el arte del siglo XX y contempor\u00e1neo, as\u00ed como las culturas de la\u00a0 Costa Atl\u00e1ntica, las cuales define como Am\u00e9rica, Europa Occidental y\u00a0 \u00c1frica.*<br \/>\nVe las exposiciones actuales y su colecci\u00f3n permanente en <a href=\"http:\/\/pamm.org\/exhibitions\" target=\"_blank\" rel=\"noopener\">www.pamm.org<\/a><br \/>\nwww.pamm.org<\/p>\n<p>* (De <a href=\"https:\/\/en.wikipedia.org\/wiki\/P%C3%A9rez_Art_Museum_Miami\" target=\"_blank\" rel=\"noopener\">Wikipedia: leer el art\u00edculo completo<\/a>)<\/p>\n<hr \/>\n<p><iframe loading=\"lazy\" style=\"border: 0;\" src=\"https:\/\/www.google.com\/maps\/embed?pb=!1m18!1m12!1m3!1d3592.5344797629637!2d-80.18837988482524!3d25.78593551389002!2m3!1f0!2f0!3f0!3m2!1i1024!2i768!4f13.1!3m3!1m2!1s0x88d9b69a2c294501%3A0xc3b63e4fe0b44e01!2sP%C3%A9rez+Art+Museum+Miami!5e0!3m2!1sen!2sus!4v1464140728301\" width=\"600\" height=\"450\" frameborder=\"0\" allowfullscreen=\"allowfullscreen\"><\/iframe><\/p>\n","protected":false},"excerpt":{"rendered":"<p>El P\u00e9rez Art Museum Miami (PAMM) es un museo de arte contempor\u00e1neo ubicado en el Museum Park, en el centro de Miami, Florida. El foco del museo es el arte del siglo XX y contempor\u00e1neo, as\u00ed como las culturas de la\u00a0 Costa Atl\u00e1ntica, las cuales <a class=\"more-link\" href=\"https:\/\/enjoymiamibeach.com\/espanol\/activities\/pamm-perez-art-museum-miami\/\">Read More &#8230;<\/a><\/p>\n","protected":false},"author":2,"featured_media":0,"parent":69,"menu_order":0,"comment_status":"closed","ping_status":"closed","template":"","meta":[],"yoast_head":"<!-- This site is optimized with the Yoast SEO plugin v18.8 - https:\/\/yoast.com\/wordpress\/plugins\/seo\/ -->\n<title>PAMM - Perez Art Museum Miami \/ Museo de Arte Perez - ENJOY MIAMI BEACH<\/title>\n<meta name=\"robots\" content=\"index, follow, max-snippet:-1, max-image-preview:large, max-video-preview:-1\" \/>\n<link rel=\"canonical\" href=\"https:\/\/enjoymiamibeach.com\/espanol\/activities\/pamm-perez-art-museum-miami\/\" \/>\n<meta property=\"og:locale\" content=\"es_ES\" \/>\n<meta property=\"og:type\" content=\"article\" \/>\n<meta property=\"og:title\" content=\"PAMM - Perez Art Museum Miami \/ Museo de Arte Perez - ENJOY MIAMI BEACH\" \/>\n<meta property=\"og:description\" content=\"El P\u00e9rez Art Museum Miami (PAMM) es un museo de arte contempor\u00e1neo ubicado en el Museum Park, en el centro de Miami, Florida. El foco del museo es el arte del siglo XX y contempor\u00e1neo, as\u00ed como las culturas de la\u00a0 Costa Atl\u00e1ntica, las cuales Read More ...\" \/>\n<meta property=\"og:url\" content=\"https:\/\/enjoymiamibeach.com\/espanol\/activities\/pamm-perez-art-museum-miami\/\" \/>\n<meta property=\"og:site_name\" content=\"ENJOY MIAMI BEACH\" \/>\n<meta property=\"article:modified_time\" content=\"2019-01-13T15:21:43+00:00\" \/>\n<meta name=\"twitter:card\" content=\"summary\" \/>\n<script type=\"application\/ld+json\" class=\"yoast-schema-graph\">{\"@context\":\"https:\/\/schema.org\",\"@graph\":[{\"@type\":\"WebSite\",\"@id\":\"https:\/\/enjoymiamibeach.com\/espanol\/#website\",\"url\":\"https:\/\/enjoymiamibeach.com\/espanol\/\",\"name\":\"ENJOY MIAMI BEACH\",\"description\":\"Miami Beach informaci\u00f3n para el turista - precios de taxi - Ocean DR - Lincoln RD\",\"potentialAction\":[{\"@type\":\"SearchAction\",\"target\":{\"@type\":\"EntryPoint\",\"urlTemplate\":\"https:\/\/enjoymiamibeach.com\/espanol\/?s={search_term_string}\"},\"query-input\":\"required name=search_term_string\"}],\"inLanguage\":\"es\"},{\"@type\":\"WebPage\",\"@id\":\"https:\/\/enjoymiamibeach.com\/espanol\/activities\/pamm-perez-art-museum-miami\/#webpage\",\"url\":\"https:\/\/enjoymiamibeach.com\/espanol\/activities\/pamm-perez-art-museum-miami\/\",\"name\":\"PAMM - Perez Art Museum Miami \/ Museo de Arte Perez - ENJOY MIAMI BEACH\",\"isPartOf\":{\"@id\":\"https:\/\/enjoymiamibeach.com\/espanol\/#website\"},\"datePublished\":\"2016-05-25T01:46:12+00:00\",\"dateModified\":\"2019-01-13T15:21:43+00:00\",\"breadcrumb\":{\"@id\":\"https:\/\/enjoymiamibeach.com\/espanol\/activities\/pamm-perez-art-museum-miami\/#breadcrumb\"},\"inLanguage\":\"es\",\"potentialAction\":[{\"@type\":\"ReadAction\",\"target\":[\"https:\/\/enjoymiamibeach.com\/espanol\/activities\/pamm-perez-art-museum-miami\/\"]}]},{\"@type\":\"BreadcrumbList\",\"@id\":\"https:\/\/enjoymiamibeach.com\/espanol\/activities\/pamm-perez-art-museum-miami\/#breadcrumb\",\"itemListElement\":[{\"@type\":\"ListItem\",\"position\":1,\"name\":\"Home\",\"item\":\"https:\/\/enjoymiamibeach.com\/espanol\/\"},{\"@type\":\"ListItem\",\"position\":2,\"name\":\"Actividades\",\"item\":\"https:\/\/enjoymiamibeach.com\/espanol\/activities\/\"},{\"@type\":\"ListItem\",\"position\":3,\"name\":\"PAMM &#8211; Perez Art Museum Miami \/ Museo de Arte Perez\"}]}]}<\/script>\n<!-- \/ Yoast SEO plugin. -->","yoast_head_json":{"title":"PAMM - Perez Art Museum Miami \/ Museo de Arte Perez - ENJOY MIAMI BEACH","robots":{"index":"index","follow":"follow","max-snippet":"max-snippet:-1","max-image-preview":"max-image-preview:large","max-video-preview":"max-video-preview:-1"},"canonical":"https:\/\/enjoymiamibeach.com\/espanol\/activities\/pamm-perez-art-museum-miami\/","og_locale":"es_ES","og_type":"article","og_title":"PAMM - Perez Art Museum Miami \/ Museo de Arte Perez - ENJOY MIAMI BEACH","og_description":"El P\u00e9rez Art Museum Miami (PAMM) es un museo de arte contempor\u00e1neo ubicado en el Museum Park, en el centro de Miami, Florida. El foco del museo es el arte del siglo XX y contempor\u00e1neo, as\u00ed como las culturas de la\u00a0 Costa Atl\u00e1ntica, las cuales Read More ...","og_url":"https:\/\/enjoymiamibeach.com\/espanol\/activities\/pamm-perez-art-museum-miami\/","og_site_name":"ENJOY MIAMI BEACH","article_modified_time":"2019-01-13T15:21:43+00:00","twitter_card":"summary","schema":{"@context":"https:\/\/schema.org","@graph":[{"@type":"WebSite","@id":"https:\/\/enjoymiamibeach.com\/espanol\/#website","url":"https:\/\/enjoymiamibeach.com\/espanol\/","name":"ENJOY MIAMI BEACH","description":"Miami Beach informaci\u00f3n para el turista - precios de taxi - Ocean DR - Lincoln RD","potentialAction":[{"@type":"SearchAction","target":{"@type":"EntryPoint","urlTemplate":"https:\/\/enjoymiamibeach.com\/espanol\/?s={search_term_string}"},"query-input":"required name=search_term_string"}],"inLanguage":"es"},{"@type":"WebPage","@id":"https:\/\/enjoymiamibeach.com\/espanol\/activities\/pamm-perez-art-museum-miami\/#webpage","url":"https:\/\/enjoymiamibeach.com\/espanol\/activities\/pamm-perez-art-museum-miami\/","name":"PAMM - Perez Art Museum Miami \/ Museo de Arte Perez - ENJOY MIAMI BEACH","isPartOf":{"@id":"https:\/\/enjoymiamibeach.com\/espanol\/#website"},"datePublished":"2016-05-25T01:46:12+00:00","dateModified":"2019-01-13T15:21:43+00:00","breadcrumb":{"@id":"https:\/\/enjoymiamibeach.com\/espanol\/activities\/pamm-perez-art-museum-miami\/#breadcrumb"},"inLanguage":"es","potentialAction":[{"@type":"ReadAction","target":["https:\/\/enjoymiamibeach.com\/espanol\/activities\/pamm-perez-art-museum-miami\/"]}]},{"@type":"BreadcrumbList","@id":"https:\/\/enjoymiamibeach.com\/espanol\/activities\/pamm-perez-art-museum-miami\/#breadcrumb","itemListElement":[{"@type":"ListItem","position":1,"name":"Home","item":"https:\/\/enjoymiamibeach.com\/espanol\/"},{"@type":"ListItem","position":2,"name":"Actividades","item":"https:\/\/enjoymiamibeach.com\/espanol\/activities\/"},{"@type":"ListItem","position":3,"name":"PAMM &#8211; Perez Art Museum Miami \/ Museo de Arte Perez"}]}]}},"_links":{"self":[{"href":"https:\/\/enjoymiamibeach.com\/espanol\/wp-json\/wp\/v2\/pages\/500"}],"collection":[{"href":"https:\/\/enjoymiamibeach.com\/espanol\/wp-json\/wp\/v2\/pages"}],"about":[{"href":"https:\/\/enjoymiamibeach.com\/espanol\/wp-json\/wp\/v2\/types\/page"}],"author":[{"embeddable":true,"href":"https:\/\/enjoymiamibeach.com\/espanol\/wp-json\/wp\/v2\/users\/2"}],"replies":[{"embeddable":true,"href":"https:\/\/enjoymiamibeach.com\/espanol\/wp-json\/wp\/v2\/comments?post=500"}],"version-history":[{"count":2,"href":"https:\/\/enjoymiamibeach.com\/espanol\/wp-json\/wp\/v2\/pages\/500\/revisions"}],"predecessor-version":[{"id":1285,"href":"https:\/\/enjoymiamibeach.com\/espanol\/wp-json\/wp\/v2\/pages\/500\/revisions\/1285"}],"up":[{"embeddable":true,"href":"https:\/\/enjoymiamibeach.com\/espanol\/wp-json\/wp\/v2\/pages\/69"}],"wp:attachment":[{"href":"https:\/\/enjoymiamibeach.com\/espanol\/wp-json\/wp\/v2\/media?parent=500"}],"curies":[{"name":"wp","href":"https:\/\/api.w.org\/{rel}","templated":true}]}}