{"id":481,"date":"2016-05-24T18:48:26","date_gmt":"2016-05-24T23:48:26","guid":{"rendered":"https:\/\/enjoymiamibeach.com\/espanol\/?page_id=481"},"modified":"2018-10-06T07:33:36","modified_gmt":"2018-10-06T12:33:36","slug":"adrienne-arsht-center-for-the-performing-arts-ziff-ballet-opera-house","status":"publish","type":"page","link":"https:\/\/enjoymiamibeach.com\/espanol\/activities\/adrienne-arsht-center-for-the-performing-arts-ziff-ballet-opera-house\/","title":{"rendered":"Centro Adrienne Arsht para las artes esc\u00e9nicas \/ Ziff Ballet Opera House"},"content":{"rendered":"<p>El Centro para las Artes Esc\u00e9nicas Adrienne Arsht, com\u00fanmente llamado The Arsht Center, es el centro de artes esc\u00e9nicas m\u00e1s grande de Florida y est\u00e1 ubicado en Biscayne Boulevard, en el barrio Omni de Downtown Miami. Es uno de los centros de artes esc\u00e9nicas m\u00e1s grandes de los Estados Unidos.<\/p>\n<p>Puedes ver de todo, desde espect\u00e1culos de Broadway, musicales, obras de teatro, ballet, \u00f3pera, proyecciones de pel\u00edculas, conciertos, espect\u00e1culos de circo (Cirque du Soleil a menudo act\u00faa all\u00ed), y m\u00e1s.<\/p>\n<p>Se compone de tres lugares principales:<\/p>\n<ul>\n<li><b>Sanford and Dolores Ziff Ballet Opera House<\/b><\/li>\n<li><b>John S. and James L. Knight Concert Hall<\/b><\/li>\n<li><b>Carnival Studio Theater<\/b><\/li>\n<\/ul>\n<p>Para obtener m\u00e1s informaci\u00f3n y el calendario de eventos, visita <a href=\"http:\/\/www.arshtcenter.org\/\" target=\"_blank\" rel=\"noopener\">www.arshtcenter.org<\/a><\/p>\n<p>* (De <a href=\"https:\/\/en.wikipedia.org\/wiki\/Adrienne_Arsht_Center_for_the_Performing_Arts\" target=\"_blank\" rel=\"noopener\">Wikipedia: leer el art\u00edculo completo en ingl\u00e9s)<\/a><\/p>\n<hr \/>\n<p><iframe loading=\"lazy\" style=\"border: 0;\" src=\"https:\/\/www.google.com\/maps\/embed?pb=!1m18!1m12!1m3!1d3592.483575324748!2d-80.19210388482517!3d25.787615913820837!2m3!1f0!2f0!3f0!3m2!1i1024!2i768!4f13.1!3m3!1m2!1s0x88d9b6a7187a1493%3A0xa3e3893722db93a1!2sAdrienne+Arsht+Center+for+the+Performing+Arts%2C+1301+Biscayne+Blvd%2C+Miami%2C+FL+33132!5e0!3m2!1sen!2sus!4v1464133832224\" width=\"600\" height=\"450\" frameborder=\"0\" allowfullscreen=\"allowfullscreen\"><\/iframe><\/p>\n","protected":false},"excerpt":{"rendered":"<p>El Centro para las Artes Esc\u00e9nicas Adrienne Arsht, com\u00fanmente llamado The Arsht Center, es el centro de artes esc\u00e9nicas m\u00e1s grande de Florida y est\u00e1 ubicado en Biscayne Boulevard, en el barrio Omni de Downtown Miami. Es uno de los centros de artes esc\u00e9nicas m\u00e1s <a class=\"more-link\" href=\"https:\/\/enjoymiamibeach.com\/espanol\/activities\/adrienne-arsht-center-for-the-performing-arts-ziff-ballet-opera-house\/\">Read More &#8230;<\/a><\/p>\n","protected":false},"author":2,"featured_media":0,"parent":69,"menu_order":0,"comment_status":"closed","ping_status":"closed","template":"","meta":[],"yoast_head":"<!-- This site is optimized with the Yoast SEO plugin v18.8 - https:\/\/yoast.com\/wordpress\/plugins\/seo\/ -->\n<title>Centro Adrienne Arsht para las artes esc\u00e9nicas \/ Ziff Ballet Opera House - ENJOY MIAMI BEACH<\/title>\n<meta name=\"robots\" content=\"index, follow, max-snippet:-1, max-image-preview:large, max-video-preview:-1\" \/>\n<link rel=\"canonical\" href=\"https:\/\/enjoymiamibeach.com\/espanol\/activities\/adrienne-arsht-center-for-the-performing-arts-ziff-ballet-opera-house\/\" \/>\n<meta property=\"og:locale\" content=\"es_ES\" \/>\n<meta property=\"og:type\" content=\"article\" \/>\n<meta property=\"og:title\" content=\"Centro Adrienne Arsht para las artes esc\u00e9nicas \/ Ziff Ballet Opera House - ENJOY MIAMI BEACH\" \/>\n<meta property=\"og:description\" content=\"El Centro para las Artes Esc\u00e9nicas Adrienne Arsht, com\u00fanmente llamado The Arsht Center, es el centro de artes esc\u00e9nicas m\u00e1s grande de Florida y est\u00e1 ubicado en Biscayne Boulevard, en el barrio Omni de Downtown Miami. Es uno de los centros de artes esc\u00e9nicas m\u00e1s Read More ...\" \/>\n<meta property=\"og:url\" content=\"https:\/\/enjoymiamibeach.com\/espanol\/activities\/adrienne-arsht-center-for-the-performing-arts-ziff-ballet-opera-house\/\" \/>\n<meta property=\"og:site_name\" content=\"ENJOY MIAMI BEACH\" \/>\n<meta property=\"article:modified_time\" content=\"2018-10-06T12:33:36+00:00\" \/>\n<meta name=\"twitter:card\" content=\"summary\" \/>\n<meta name=\"twitter:label1\" content=\"Tiempo de lectura\" \/>\n\t<meta name=\"twitter:data1\" content=\"1 minuto\" \/>\n<script type=\"application\/ld+json\" class=\"yoast-schema-graph\">{\"@context\":\"https:\/\/schema.org\",\"@graph\":[{\"@type\":\"WebSite\",\"@id\":\"https:\/\/enjoymiamibeach.com\/espanol\/#website\",\"url\":\"https:\/\/enjoymiamibeach.com\/espanol\/\",\"name\":\"ENJOY MIAMI BEACH\",\"description\":\"Miami Beach informaci\u00f3n para el turista - precios de taxi - Ocean DR - Lincoln RD\",\"potentialAction\":[{\"@type\":\"SearchAction\",\"target\":{\"@type\":\"EntryPoint\",\"urlTemplate\":\"https:\/\/enjoymiamibeach.com\/espanol\/?s={search_term_string}\"},\"query-input\":\"required name=search_term_string\"}],\"inLanguage\":\"es\"},{\"@type\":\"WebPage\",\"@id\":\"https:\/\/enjoymiamibeach.com\/espanol\/activities\/adrienne-arsht-center-for-the-performing-arts-ziff-ballet-opera-house\/#webpage\",\"url\":\"https:\/\/enjoymiamibeach.com\/espanol\/activities\/adrienne-arsht-center-for-the-performing-arts-ziff-ballet-opera-house\/\",\"name\":\"Centro Adrienne Arsht para las artes esc\u00e9nicas \/ Ziff Ballet Opera House - ENJOY MIAMI BEACH\",\"isPartOf\":{\"@id\":\"https:\/\/enjoymiamibeach.com\/espanol\/#website\"},\"datePublished\":\"2016-05-24T23:48:26+00:00\",\"dateModified\":\"2018-10-06T12:33:36+00:00\",\"breadcrumb\":{\"@id\":\"https:\/\/enjoymiamibeach.com\/espanol\/activities\/adrienne-arsht-center-for-the-performing-arts-ziff-ballet-opera-house\/#breadcrumb\"},\"inLanguage\":\"es\",\"potentialAction\":[{\"@type\":\"ReadAction\",\"target\":[\"https:\/\/enjoymiamibeach.com\/espanol\/activities\/adrienne-arsht-center-for-the-performing-arts-ziff-ballet-opera-house\/\"]}]},{\"@type\":\"BreadcrumbList\",\"@id\":\"https:\/\/enjoymiamibeach.com\/espanol\/activities\/adrienne-arsht-center-for-the-performing-arts-ziff-ballet-opera-house\/#breadcrumb\",\"itemListElement\":[{\"@type\":\"ListItem\",\"position\":1,\"name\":\"Home\",\"item\":\"https:\/\/enjoymiamibeach.com\/espanol\/\"},{\"@type\":\"ListItem\",\"position\":2,\"name\":\"Actividades\",\"item\":\"https:\/\/enjoymiamibeach.com\/espanol\/activities\/\"},{\"@type\":\"ListItem\",\"position\":3,\"name\":\"Centro Adrienne Arsht para las artes esc\u00e9nicas \/ Ziff Ballet Opera House\"}]}]}<\/script>\n<!-- \/ Yoast SEO plugin. -->","yoast_head_json":{"title":"Centro Adrienne Arsht para las artes esc\u00e9nicas \/ Ziff Ballet Opera House - ENJOY MIAMI BEACH","robots":{"index":"index","follow":"follow","max-snippet":"max-snippet:-1","max-image-preview":"max-image-preview:large","max-video-preview":"max-video-preview:-1"},"canonical":"https:\/\/enjoymiamibeach.com\/espanol\/activities\/adrienne-arsht-center-for-the-performing-arts-ziff-ballet-opera-house\/","og_locale":"es_ES","og_type":"article","og_title":"Centro Adrienne Arsht para las artes esc\u00e9nicas \/ Ziff Ballet Opera House - ENJOY MIAMI BEACH","og_description":"El Centro para las Artes Esc\u00e9nicas Adrienne Arsht, com\u00fanmente llamado The Arsht Center, es el centro de artes esc\u00e9nicas m\u00e1s grande de Florida y est\u00e1 ubicado en Biscayne Boulevard, en el barrio Omni de Downtown Miami. Es uno de los centros de artes esc\u00e9nicas m\u00e1s Read More ...","og_url":"https:\/\/enjoymiamibeach.com\/espanol\/activities\/adrienne-arsht-center-for-the-performing-arts-ziff-ballet-opera-house\/","og_site_name":"ENJOY MIAMI BEACH","article_modified_time":"2018-10-06T12:33:36+00:00","twitter_card":"summary","twitter_misc":{"Tiempo de lectura":"1 minuto"},"schema":{"@context":"https:\/\/schema.org","@graph":[{"@type":"WebSite","@id":"https:\/\/enjoymiamibeach.com\/espanol\/#website","url":"https:\/\/enjoymiamibeach.com\/espanol\/","name":"ENJOY MIAMI BEACH","description":"Miami Beach informaci\u00f3n para el turista - precios de taxi - Ocean DR - Lincoln RD","potentialAction":[{"@type":"SearchAction","target":{"@type":"EntryPoint","urlTemplate":"https:\/\/enjoymiamibeach.com\/espanol\/?s={search_term_string}"},"query-input":"required name=search_term_string"}],"inLanguage":"es"},{"@type":"WebPage","@id":"https:\/\/enjoymiamibeach.com\/espanol\/activities\/adrienne-arsht-center-for-the-performing-arts-ziff-ballet-opera-house\/#webpage","url":"https:\/\/enjoymiamibeach.com\/espanol\/activities\/adrienne-arsht-center-for-the-performing-arts-ziff-ballet-opera-house\/","name":"Centro Adrienne Arsht para las artes esc\u00e9nicas \/ Ziff Ballet Opera House - ENJOY MIAMI BEACH","isPartOf":{"@id":"https:\/\/enjoymiamibeach.com\/espanol\/#website"},"datePublished":"2016-05-24T23:48:26+00:00","dateModified":"2018-10-06T12:33:36+00:00","breadcrumb":{"@id":"https:\/\/enjoymiamibeach.com\/espanol\/activities\/adrienne-arsht-center-for-the-performing-arts-ziff-ballet-opera-house\/#breadcrumb"},"inLanguage":"es","potentialAction":[{"@type":"ReadAction","target":["https:\/\/enjoymiamibeach.com\/espanol\/activities\/adrienne-arsht-center-for-the-performing-arts-ziff-ballet-opera-house\/"]}]},{"@type":"BreadcrumbList","@id":"https:\/\/enjoymiamibeach.com\/espanol\/activities\/adrienne-arsht-center-for-the-performing-arts-ziff-ballet-opera-house\/#breadcrumb","itemListElement":[{"@type":"ListItem","position":1,"name":"Home","item":"https:\/\/enjoymiamibeach.com\/espanol\/"},{"@type":"ListItem","position":2,"name":"Actividades","item":"https:\/\/enjoymiamibeach.com\/espanol\/activities\/"},{"@type":"ListItem","position":3,"name":"Centro Adrienne Arsht para las artes esc\u00e9nicas \/ Ziff Ballet Opera House"}]}]}},"_links":{"self":[{"href":"https:\/\/enjoymiamibeach.com\/espanol\/wp-json\/wp\/v2\/pages\/481"}],"collection":[{"href":"https:\/\/enjoymiamibeach.com\/espanol\/wp-json\/wp\/v2\/pages"}],"about":[{"href":"https:\/\/enjoymiamibeach.com\/espanol\/wp-json\/wp\/v2\/types\/page"}],"author":[{"embeddable":true,"href":"https:\/\/enjoymiamibeach.com\/espanol\/wp-json\/wp\/v2\/users\/2"}],"replies":[{"embeddable":true,"href":"https:\/\/enjoymiamibeach.com\/espanol\/wp-json\/wp\/v2\/comments?post=481"}],"version-history":[{"count":5,"href":"https:\/\/enjoymiamibeach.com\/espanol\/wp-json\/wp\/v2\/pages\/481\/revisions"}],"predecessor-version":[{"id":1240,"href":"https:\/\/enjoymiamibeach.com\/espanol\/wp-json\/wp\/v2\/pages\/481\/revisions\/1240"}],"up":[{"embeddable":true,"href":"https:\/\/enjoymiamibeach.com\/espanol\/wp-json\/wp\/v2\/pages\/69"}],"wp:attachment":[{"href":"https:\/\/enjoymiamibeach.com\/espanol\/wp-json\/wp\/v2\/media?parent=481"}],"curies":[{"name":"wp","href":"https:\/\/api.w.org\/{rel}","templated":true}]}}