{"id":464,"date":"2016-05-24T15:08:02","date_gmt":"2016-05-24T20:08:02","guid":{"rendered":"https:\/\/enjoymiamibeach.com\/espanol\/?page_id=464"},"modified":"2018-12-07T11:33:08","modified_gmt":"2018-12-07T16:33:08","slug":"lincoln-rd-antique-and-collectible-market","status":"publish","type":"page","link":"https:\/\/enjoymiamibeach.com\/espanol\/activities\/lincoln-rd-antique-and-collectible-market\/","title":{"rendered":"Mercado de Antig\u00fcedades y Objetos de Colecci\u00f3n de Lincoln Rd"},"content":{"rendered":"<p>Cada segundo domingo del mes, de Octubre a Mayo, puedes descubrir los tesoros que el Mercado de Antig\u00fcedades y Objetos de Colecci\u00f3n de Lincoln Rd tiene para ti. Nunca es la misma experiencia, ya que cada mes llegan piezas de arte \u00fanicas, muebles, joyas y ropa vintage.<\/p>\n<p>Para obtener m\u00e1s informaci\u00f3n y ver el calendario del Mercado de Antiguedades y Objetos de Colecci\u00f3n, visita su <a href=\"http:\/\/www.lincolnroadmall.info\/lincoln-road-antique-flea-market-sunday-schedule\/\" target=\"_blank\" rel=\"noopener\">sitio web<\/a>.<\/p>\n","protected":false},"excerpt":{"rendered":"<p>Cada segundo domingo del mes, de Octubre a Mayo, puedes descubrir los tesoros que el Mercado de Antig\u00fcedades y Objetos de Colecci\u00f3n de Lincoln Rd tiene para ti. Nunca es la misma experiencia, ya que cada mes llegan piezas de arte \u00fanicas, muebles, joyas y <a class=\"more-link\" href=\"https:\/\/enjoymiamibeach.com\/espanol\/activities\/lincoln-rd-antique-and-collectible-market\/\">Read More &#8230;<\/a><\/p>\n","protected":false},"author":2,"featured_media":0,"parent":69,"menu_order":0,"comment_status":"closed","ping_status":"closed","template":"","meta":[],"yoast_head":"<!-- This site is optimized with the Yoast SEO plugin v18.8 - https:\/\/yoast.com\/wordpress\/plugins\/seo\/ -->\n<title>Mercado de Antig\u00fcedades y Objetos de Colecci\u00f3n de Lincoln Rd - ENJOY MIAMI BEACH<\/title>\n<meta name=\"robots\" content=\"index, follow, max-snippet:-1, max-image-preview:large, max-video-preview:-1\" \/>\n<link rel=\"canonical\" href=\"https:\/\/enjoymiamibeach.com\/espanol\/activities\/lincoln-rd-antique-and-collectible-market\/\" \/>\n<meta property=\"og:locale\" content=\"es_ES\" \/>\n<meta property=\"og:type\" content=\"article\" \/>\n<meta property=\"og:title\" content=\"Mercado de Antig\u00fcedades y Objetos de Colecci\u00f3n de Lincoln Rd - ENJOY MIAMI BEACH\" \/>\n<meta property=\"og:description\" content=\"Cada segundo domingo del mes, de Octubre a Mayo, puedes descubrir los tesoros que el Mercado de Antig\u00fcedades y Objetos de Colecci\u00f3n de Lincoln Rd tiene para ti. Nunca es la misma experiencia, ya que cada mes llegan piezas de arte \u00fanicas, muebles, joyas y Read More ...\" \/>\n<meta property=\"og:url\" content=\"https:\/\/enjoymiamibeach.com\/espanol\/activities\/lincoln-rd-antique-and-collectible-market\/\" \/>\n<meta property=\"og:site_name\" content=\"ENJOY MIAMI BEACH\" \/>\n<meta property=\"article:modified_time\" content=\"2018-12-07T16:33:08+00:00\" \/>\n<meta name=\"twitter:card\" content=\"summary\" \/>\n<script type=\"application\/ld+json\" class=\"yoast-schema-graph\">{\"@context\":\"https:\/\/schema.org\",\"@graph\":[{\"@type\":\"WebSite\",\"@id\":\"https:\/\/enjoymiamibeach.com\/espanol\/#website\",\"url\":\"https:\/\/enjoymiamibeach.com\/espanol\/\",\"name\":\"ENJOY MIAMI BEACH\",\"description\":\"Miami Beach informaci\u00f3n para el turista - precios de taxi - Ocean DR - Lincoln RD\",\"potentialAction\":[{\"@type\":\"SearchAction\",\"target\":{\"@type\":\"EntryPoint\",\"urlTemplate\":\"https:\/\/enjoymiamibeach.com\/espanol\/?s={search_term_string}\"},\"query-input\":\"required name=search_term_string\"}],\"inLanguage\":\"es\"},{\"@type\":\"WebPage\",\"@id\":\"https:\/\/enjoymiamibeach.com\/espanol\/activities\/lincoln-rd-antique-and-collectible-market\/#webpage\",\"url\":\"https:\/\/enjoymiamibeach.com\/espanol\/activities\/lincoln-rd-antique-and-collectible-market\/\",\"name\":\"Mercado de Antig\u00fcedades y Objetos de Colecci\u00f3n de Lincoln Rd - ENJOY MIAMI BEACH\",\"isPartOf\":{\"@id\":\"https:\/\/enjoymiamibeach.com\/espanol\/#website\"},\"datePublished\":\"2016-05-24T20:08:02+00:00\",\"dateModified\":\"2018-12-07T16:33:08+00:00\",\"breadcrumb\":{\"@id\":\"https:\/\/enjoymiamibeach.com\/espanol\/activities\/lincoln-rd-antique-and-collectible-market\/#breadcrumb\"},\"inLanguage\":\"es\",\"potentialAction\":[{\"@type\":\"ReadAction\",\"target\":[\"https:\/\/enjoymiamibeach.com\/espanol\/activities\/lincoln-rd-antique-and-collectible-market\/\"]}]},{\"@type\":\"BreadcrumbList\",\"@id\":\"https:\/\/enjoymiamibeach.com\/espanol\/activities\/lincoln-rd-antique-and-collectible-market\/#breadcrumb\",\"itemListElement\":[{\"@type\":\"ListItem\",\"position\":1,\"name\":\"Home\",\"item\":\"https:\/\/enjoymiamibeach.com\/espanol\/\"},{\"@type\":\"ListItem\",\"position\":2,\"name\":\"Actividades\",\"item\":\"https:\/\/enjoymiamibeach.com\/espanol\/activities\/\"},{\"@type\":\"ListItem\",\"position\":3,\"name\":\"Mercado de Antig\u00fcedades y Objetos de Colecci\u00f3n de Lincoln Rd\"}]}]}<\/script>\n<!-- \/ Yoast SEO plugin. -->","yoast_head_json":{"title":"Mercado de Antig\u00fcedades y Objetos de Colecci\u00f3n de Lincoln Rd - ENJOY MIAMI BEACH","robots":{"index":"index","follow":"follow","max-snippet":"max-snippet:-1","max-image-preview":"max-image-preview:large","max-video-preview":"max-video-preview:-1"},"canonical":"https:\/\/enjoymiamibeach.com\/espanol\/activities\/lincoln-rd-antique-and-collectible-market\/","og_locale":"es_ES","og_type":"article","og_title":"Mercado de Antig\u00fcedades y Objetos de Colecci\u00f3n de Lincoln Rd - ENJOY MIAMI BEACH","og_description":"Cada segundo domingo del mes, de Octubre a Mayo, puedes descubrir los tesoros que el Mercado de Antig\u00fcedades y Objetos de Colecci\u00f3n de Lincoln Rd tiene para ti. Nunca es la misma experiencia, ya que cada mes llegan piezas de arte \u00fanicas, muebles, joyas y Read More ...","og_url":"https:\/\/enjoymiamibeach.com\/espanol\/activities\/lincoln-rd-antique-and-collectible-market\/","og_site_name":"ENJOY MIAMI BEACH","article_modified_time":"2018-12-07T16:33:08+00:00","twitter_card":"summary","schema":{"@context":"https:\/\/schema.org","@graph":[{"@type":"WebSite","@id":"https:\/\/enjoymiamibeach.com\/espanol\/#website","url":"https:\/\/enjoymiamibeach.com\/espanol\/","name":"ENJOY MIAMI BEACH","description":"Miami Beach informaci\u00f3n para el turista - precios de taxi - Ocean DR - Lincoln RD","potentialAction":[{"@type":"SearchAction","target":{"@type":"EntryPoint","urlTemplate":"https:\/\/enjoymiamibeach.com\/espanol\/?s={search_term_string}"},"query-input":"required name=search_term_string"}],"inLanguage":"es"},{"@type":"WebPage","@id":"https:\/\/enjoymiamibeach.com\/espanol\/activities\/lincoln-rd-antique-and-collectible-market\/#webpage","url":"https:\/\/enjoymiamibeach.com\/espanol\/activities\/lincoln-rd-antique-and-collectible-market\/","name":"Mercado de Antig\u00fcedades y Objetos de Colecci\u00f3n de Lincoln Rd - ENJOY MIAMI BEACH","isPartOf":{"@id":"https:\/\/enjoymiamibeach.com\/espanol\/#website"},"datePublished":"2016-05-24T20:08:02+00:00","dateModified":"2018-12-07T16:33:08+00:00","breadcrumb":{"@id":"https:\/\/enjoymiamibeach.com\/espanol\/activities\/lincoln-rd-antique-and-collectible-market\/#breadcrumb"},"inLanguage":"es","potentialAction":[{"@type":"ReadAction","target":["https:\/\/enjoymiamibeach.com\/espanol\/activities\/lincoln-rd-antique-and-collectible-market\/"]}]},{"@type":"BreadcrumbList","@id":"https:\/\/enjoymiamibeach.com\/espanol\/activities\/lincoln-rd-antique-and-collectible-market\/#breadcrumb","itemListElement":[{"@type":"ListItem","position":1,"name":"Home","item":"https:\/\/enjoymiamibeach.com\/espanol\/"},{"@type":"ListItem","position":2,"name":"Actividades","item":"https:\/\/enjoymiamibeach.com\/espanol\/activities\/"},{"@type":"ListItem","position":3,"name":"Mercado de Antig\u00fcedades y Objetos de Colecci\u00f3n de Lincoln Rd"}]}]}},"_links":{"self":[{"href":"https:\/\/enjoymiamibeach.com\/espanol\/wp-json\/wp\/v2\/pages\/464"}],"collection":[{"href":"https:\/\/enjoymiamibeach.com\/espanol\/wp-json\/wp\/v2\/pages"}],"about":[{"href":"https:\/\/enjoymiamibeach.com\/espanol\/wp-json\/wp\/v2\/types\/page"}],"author":[{"embeddable":true,"href":"https:\/\/enjoymiamibeach.com\/espanol\/wp-json\/wp\/v2\/users\/2"}],"replies":[{"embeddable":true,"href":"https:\/\/enjoymiamibeach.com\/espanol\/wp-json\/wp\/v2\/comments?post=464"}],"version-history":[{"count":3,"href":"https:\/\/enjoymiamibeach.com\/espanol\/wp-json\/wp\/v2\/pages\/464\/revisions"}],"predecessor-version":[{"id":1261,"href":"https:\/\/enjoymiamibeach.com\/espanol\/wp-json\/wp\/v2\/pages\/464\/revisions\/1261"}],"up":[{"embeddable":true,"href":"https:\/\/enjoymiamibeach.com\/espanol\/wp-json\/wp\/v2\/pages\/69"}],"wp:attachment":[{"href":"https:\/\/enjoymiamibeach.com\/espanol\/wp-json\/wp\/v2\/media?parent=464"}],"curies":[{"name":"wp","href":"https:\/\/api.w.org\/{rel}","templated":true}]}}