{"id":461,"date":"2016-05-24T14:49:37","date_gmt":"2016-05-24T19:49:37","guid":{"rendered":"https:\/\/enjoymiamibeach.com\/espanol\/?page_id=461"},"modified":"2018-12-07T12:02:19","modified_gmt":"2018-12-07T17:02:19","slug":"lincoln-rd-farmers-market","status":"publish","type":"page","link":"https:\/\/enjoymiamibeach.com\/espanol\/activities\/lincoln-rd-farmers-market\/","title":{"rendered":"Mercado (Feria) de Agricultores de Lincoln Rd"},"content":{"rendered":"<p>Todos los domingos de 9 am a 6:30 pm, puedes pasear por Lincoln Rd y disfrutar de los aromas y colores del mercado de agricultores.<\/p>\n<p>Te deleitar\u00e1s con una variedad de frutas y verduras cultivadas localmente, conservas caseras, miel, pan reci\u00e9n horneado y las m\u00e1s hermosas orqu\u00eddeas y flores frescas.<\/p>\n","protected":false},"excerpt":{"rendered":"<p>Todos los domingos de 9 am a 6:30 pm, puedes pasear por Lincoln Rd y disfrutar de los aromas y colores del mercado de agricultores. Te deleitar\u00e1s con una variedad de frutas y verduras cultivadas localmente, conservas caseras, miel, pan reci\u00e9n horneado y las m\u00e1s <a class=\"more-link\" href=\"https:\/\/enjoymiamibeach.com\/espanol\/activities\/lincoln-rd-farmers-market\/\">Read More &#8230;<\/a><\/p>\n","protected":false},"author":2,"featured_media":0,"parent":69,"menu_order":0,"comment_status":"closed","ping_status":"closed","template":"","meta":[],"yoast_head":"<!-- This site is optimized with the Yoast SEO plugin v18.8 - https:\/\/yoast.com\/wordpress\/plugins\/seo\/ -->\n<title>Mercado (Feria) de Agricultores de Lincoln Rd - ENJOY MIAMI BEACH<\/title>\n<meta name=\"robots\" content=\"index, follow, max-snippet:-1, max-image-preview:large, max-video-preview:-1\" \/>\n<link rel=\"canonical\" href=\"https:\/\/enjoymiamibeach.com\/espanol\/activities\/lincoln-rd-farmers-market\/\" \/>\n<meta property=\"og:locale\" content=\"es_ES\" \/>\n<meta property=\"og:type\" content=\"article\" \/>\n<meta property=\"og:title\" content=\"Mercado (Feria) de Agricultores de Lincoln Rd - ENJOY MIAMI BEACH\" \/>\n<meta property=\"og:description\" content=\"Todos los domingos de 9 am a 6:30 pm, puedes pasear por Lincoln Rd y disfrutar de los aromas y colores del mercado de agricultores. Te deleitar\u00e1s con una variedad de frutas y verduras cultivadas localmente, conservas caseras, miel, pan reci\u00e9n horneado y las m\u00e1s Read More ...\" \/>\n<meta property=\"og:url\" content=\"https:\/\/enjoymiamibeach.com\/espanol\/activities\/lincoln-rd-farmers-market\/\" \/>\n<meta property=\"og:site_name\" content=\"ENJOY MIAMI BEACH\" \/>\n<meta property=\"article:modified_time\" content=\"2018-12-07T17:02:19+00:00\" \/>\n<meta name=\"twitter:card\" content=\"summary\" \/>\n<script type=\"application\/ld+json\" class=\"yoast-schema-graph\">{\"@context\":\"https:\/\/schema.org\",\"@graph\":[{\"@type\":\"WebSite\",\"@id\":\"https:\/\/enjoymiamibeach.com\/espanol\/#website\",\"url\":\"https:\/\/enjoymiamibeach.com\/espanol\/\",\"name\":\"ENJOY MIAMI BEACH\",\"description\":\"Miami Beach informaci\u00f3n para el turista - precios de taxi - Ocean DR - Lincoln RD\",\"potentialAction\":[{\"@type\":\"SearchAction\",\"target\":{\"@type\":\"EntryPoint\",\"urlTemplate\":\"https:\/\/enjoymiamibeach.com\/espanol\/?s={search_term_string}\"},\"query-input\":\"required name=search_term_string\"}],\"inLanguage\":\"es\"},{\"@type\":\"WebPage\",\"@id\":\"https:\/\/enjoymiamibeach.com\/espanol\/activities\/lincoln-rd-farmers-market\/#webpage\",\"url\":\"https:\/\/enjoymiamibeach.com\/espanol\/activities\/lincoln-rd-farmers-market\/\",\"name\":\"Mercado (Feria) de Agricultores de Lincoln Rd - ENJOY MIAMI BEACH\",\"isPartOf\":{\"@id\":\"https:\/\/enjoymiamibeach.com\/espanol\/#website\"},\"datePublished\":\"2016-05-24T19:49:37+00:00\",\"dateModified\":\"2018-12-07T17:02:19+00:00\",\"breadcrumb\":{\"@id\":\"https:\/\/enjoymiamibeach.com\/espanol\/activities\/lincoln-rd-farmers-market\/#breadcrumb\"},\"inLanguage\":\"es\",\"potentialAction\":[{\"@type\":\"ReadAction\",\"target\":[\"https:\/\/enjoymiamibeach.com\/espanol\/activities\/lincoln-rd-farmers-market\/\"]}]},{\"@type\":\"BreadcrumbList\",\"@id\":\"https:\/\/enjoymiamibeach.com\/espanol\/activities\/lincoln-rd-farmers-market\/#breadcrumb\",\"itemListElement\":[{\"@type\":\"ListItem\",\"position\":1,\"name\":\"Home\",\"item\":\"https:\/\/enjoymiamibeach.com\/espanol\/\"},{\"@type\":\"ListItem\",\"position\":2,\"name\":\"Actividades\",\"item\":\"https:\/\/enjoymiamibeach.com\/espanol\/activities\/\"},{\"@type\":\"ListItem\",\"position\":3,\"name\":\"Mercado (Feria) de Agricultores de Lincoln Rd\"}]}]}<\/script>\n<!-- \/ Yoast SEO plugin. -->","yoast_head_json":{"title":"Mercado (Feria) de Agricultores de Lincoln Rd - ENJOY MIAMI BEACH","robots":{"index":"index","follow":"follow","max-snippet":"max-snippet:-1","max-image-preview":"max-image-preview:large","max-video-preview":"max-video-preview:-1"},"canonical":"https:\/\/enjoymiamibeach.com\/espanol\/activities\/lincoln-rd-farmers-market\/","og_locale":"es_ES","og_type":"article","og_title":"Mercado (Feria) de Agricultores de Lincoln Rd - ENJOY MIAMI BEACH","og_description":"Todos los domingos de 9 am a 6:30 pm, puedes pasear por Lincoln Rd y disfrutar de los aromas y colores del mercado de agricultores. Te deleitar\u00e1s con una variedad de frutas y verduras cultivadas localmente, conservas caseras, miel, pan reci\u00e9n horneado y las m\u00e1s Read More ...","og_url":"https:\/\/enjoymiamibeach.com\/espanol\/activities\/lincoln-rd-farmers-market\/","og_site_name":"ENJOY MIAMI BEACH","article_modified_time":"2018-12-07T17:02:19+00:00","twitter_card":"summary","schema":{"@context":"https:\/\/schema.org","@graph":[{"@type":"WebSite","@id":"https:\/\/enjoymiamibeach.com\/espanol\/#website","url":"https:\/\/enjoymiamibeach.com\/espanol\/","name":"ENJOY MIAMI BEACH","description":"Miami Beach informaci\u00f3n para el turista - precios de taxi - Ocean DR - Lincoln RD","potentialAction":[{"@type":"SearchAction","target":{"@type":"EntryPoint","urlTemplate":"https:\/\/enjoymiamibeach.com\/espanol\/?s={search_term_string}"},"query-input":"required name=search_term_string"}],"inLanguage":"es"},{"@type":"WebPage","@id":"https:\/\/enjoymiamibeach.com\/espanol\/activities\/lincoln-rd-farmers-market\/#webpage","url":"https:\/\/enjoymiamibeach.com\/espanol\/activities\/lincoln-rd-farmers-market\/","name":"Mercado (Feria) de Agricultores de Lincoln Rd - ENJOY MIAMI BEACH","isPartOf":{"@id":"https:\/\/enjoymiamibeach.com\/espanol\/#website"},"datePublished":"2016-05-24T19:49:37+00:00","dateModified":"2018-12-07T17:02:19+00:00","breadcrumb":{"@id":"https:\/\/enjoymiamibeach.com\/espanol\/activities\/lincoln-rd-farmers-market\/#breadcrumb"},"inLanguage":"es","potentialAction":[{"@type":"ReadAction","target":["https:\/\/enjoymiamibeach.com\/espanol\/activities\/lincoln-rd-farmers-market\/"]}]},{"@type":"BreadcrumbList","@id":"https:\/\/enjoymiamibeach.com\/espanol\/activities\/lincoln-rd-farmers-market\/#breadcrumb","itemListElement":[{"@type":"ListItem","position":1,"name":"Home","item":"https:\/\/enjoymiamibeach.com\/espanol\/"},{"@type":"ListItem","position":2,"name":"Actividades","item":"https:\/\/enjoymiamibeach.com\/espanol\/activities\/"},{"@type":"ListItem","position":3,"name":"Mercado (Feria) de Agricultores de Lincoln Rd"}]}]}},"_links":{"self":[{"href":"https:\/\/enjoymiamibeach.com\/espanol\/wp-json\/wp\/v2\/pages\/461"}],"collection":[{"href":"https:\/\/enjoymiamibeach.com\/espanol\/wp-json\/wp\/v2\/pages"}],"about":[{"href":"https:\/\/enjoymiamibeach.com\/espanol\/wp-json\/wp\/v2\/types\/page"}],"author":[{"embeddable":true,"href":"https:\/\/enjoymiamibeach.com\/espanol\/wp-json\/wp\/v2\/users\/2"}],"replies":[{"embeddable":true,"href":"https:\/\/enjoymiamibeach.com\/espanol\/wp-json\/wp\/v2\/comments?post=461"}],"version-history":[{"count":2,"href":"https:\/\/enjoymiamibeach.com\/espanol\/wp-json\/wp\/v2\/pages\/461\/revisions"}],"predecessor-version":[{"id":1263,"href":"https:\/\/enjoymiamibeach.com\/espanol\/wp-json\/wp\/v2\/pages\/461\/revisions\/1263"}],"up":[{"embeddable":true,"href":"https:\/\/enjoymiamibeach.com\/espanol\/wp-json\/wp\/v2\/pages\/69"}],"wp:attachment":[{"href":"https:\/\/enjoymiamibeach.com\/espanol\/wp-json\/wp\/v2\/media?parent=461"}],"curies":[{"name":"wp","href":"https:\/\/api.w.org\/{rel}","templated":true}]}}