{"id":408,"date":"2016-05-21T12:23:25","date_gmt":"2016-05-21T17:23:25","guid":{"rendered":"https:\/\/enjoymiamibeach.com\/espanol\/?page_id=408"},"modified":"2019-12-29T13:19:29","modified_gmt":"2019-12-29T18:19:29","slug":"duck-tours","status":"publish","type":"page","link":"https:\/\/enjoymiamibeach.com\/espanol\/miami-beach-tours\/duck-tours\/","title":{"rendered":"Duck Tours"},"content":{"rendered":"<h4>Tour por la ciudad y paseo en lancha todo en uno, sin tener que trasbordar veh\u00edculos. Este buque anfibio viajar\u00e1 alrededor de la ciudad y luego ir\u00e1<br \/>\ndirectamente al agua. Es genial.<\/h4>\n<p><img loading=\"lazy\" class=\"aligncenter size-large wp-image-1169\" src=\"https:\/\/enjoymiamibeach.com\/espanol\/wp-content\/uploads\/2016\/05\/duck-tours-miami-beach-1024x571.jpg\" alt=\"duck tours miami beach\" width=\"880\" height=\"491\" srcset=\"https:\/\/enjoymiamibeach.com\/espanol\/wp-content\/uploads\/2016\/05\/duck-tours-miami-beach-1024x571.jpg 1024w, https:\/\/enjoymiamibeach.com\/espanol\/wp-content\/uploads\/2016\/05\/duck-tours-miami-beach-300x167.jpg 300w, https:\/\/enjoymiamibeach.com\/espanol\/wp-content\/uploads\/2016\/05\/duck-tours-miami-beach-768x429.jpg 768w, https:\/\/enjoymiamibeach.com\/espanol\/wp-content\/uploads\/2016\/05\/duck-tours-miami-beach.jpg 2000w\" sizes=\"(max-width: 880px) 100vw, 880px\" \/><\/p>\n<h5>En resumen:<\/h5>\n<p>Conoce la ciudad y sus monumentos, y luego admira la ciudad de Miami en el horizonte y las mansiones impresionantes de los ricos y famosos desde el agua.<\/p>\n<h5>M\u00e1s detalles:<\/h5>\n<ul>\n<li>Saldr\u00e1s de la oficina de Duck Tours (1661 James Avenue, Miami Beach, FL 33139)<\/li>\n<li>Duraci\u00f3n de la excursi\u00f3n: 90 minutos (incluidos los horarios de recogida y de regreso)<\/li>\n<li>Esta excursi\u00f3n te llevar\u00e1 a South Beach y el distrito hist\u00f3rico Art Deco, Ocean Drive, Biscayne Bay, las islas Star, Hibiscus y Palm, el Millionaire Row (tambi\u00e9n conocido como los hogares de los ricos y famosos, que ver\u00e1s desde el agua) y mucho m\u00e1s.<\/li>\n<li>Cada gu\u00eda tiene una formaci\u00f3n en actuaci\u00f3n y comedia, proporcionando una experiencia dicvertida para todos los pasajeros.<\/li>\n<\/ul>\n<h5>Precio Promedio:<\/h5>\n<p>$ 37 (adultos), $ 20 (ni\u00f1os entre 4 y 12 a\u00f1os), $ 5 (ni\u00f1os de hasta 3 a\u00f1os de<br \/>\nedad)<\/p>\n","protected":false},"excerpt":{"rendered":"<p>Tour por la ciudad y paseo en lancha todo en uno, sin tener que trasbordar veh\u00edculos. Este buque anfibio viajar\u00e1 alrededor de la ciudad y luego ir\u00e1 directamente al agua. Es genial. En resumen: Conoce la ciudad y sus monumentos, y luego admira la ciudad <a class=\"more-link\" href=\"https:\/\/enjoymiamibeach.com\/espanol\/miami-beach-tours\/duck-tours\/\">Read More &#8230;<\/a><\/p>\n","protected":false},"author":2,"featured_media":1169,"parent":12,"menu_order":0,"comment_status":"closed","ping_status":"closed","template":"","meta":[],"yoast_head":"<!-- This site is optimized with the Yoast SEO plugin v18.8 - https:\/\/yoast.com\/wordpress\/plugins\/seo\/ -->\n<title>Duck Tours - ENJOY MIAMI BEACH<\/title>\n<meta name=\"robots\" content=\"index, follow, max-snippet:-1, max-image-preview:large, max-video-preview:-1\" \/>\n<link rel=\"canonical\" href=\"https:\/\/enjoymiamibeach.com\/espanol\/miami-beach-tours\/duck-tours\/\" \/>\n<meta property=\"og:locale\" content=\"es_ES\" \/>\n<meta property=\"og:type\" content=\"article\" \/>\n<meta property=\"og:title\" content=\"Duck Tours - ENJOY MIAMI BEACH\" \/>\n<meta property=\"og:description\" content=\"Tour por la ciudad y paseo en lancha todo en uno, sin tener que trasbordar veh\u00edculos. Este buque anfibio viajar\u00e1 alrededor de la ciudad y luego ir\u00e1 directamente al agua. Es genial. En resumen: Conoce la ciudad y sus monumentos, y luego admira la ciudad Read More ...\" \/>\n<meta property=\"og:url\" content=\"https:\/\/enjoymiamibeach.com\/espanol\/miami-beach-tours\/duck-tours\/\" \/>\n<meta property=\"og:site_name\" content=\"ENJOY MIAMI BEACH\" \/>\n<meta property=\"article:modified_time\" content=\"2019-12-29T18:19:29+00:00\" \/>\n<meta property=\"og:image\" content=\"https:\/\/enjoymiamibeach.com\/espanol\/wp-content\/uploads\/2016\/05\/duck-tours-miami-beach.jpg\" \/>\n\t<meta property=\"og:image:width\" content=\"2000\" \/>\n\t<meta property=\"og:image:height\" content=\"1116\" \/>\n\t<meta property=\"og:image:type\" content=\"image\/jpeg\" \/>\n<meta name=\"twitter:card\" content=\"summary\" \/>\n<meta name=\"twitter:label1\" content=\"Tiempo de lectura\" \/>\n\t<meta name=\"twitter:data1\" content=\"1 minuto\" \/>\n<script type=\"application\/ld+json\" class=\"yoast-schema-graph\">{\"@context\":\"https:\/\/schema.org\",\"@graph\":[{\"@type\":\"WebSite\",\"@id\":\"https:\/\/enjoymiamibeach.com\/espanol\/#website\",\"url\":\"https:\/\/enjoymiamibeach.com\/espanol\/\",\"name\":\"ENJOY MIAMI BEACH\",\"description\":\"Miami Beach informaci\u00f3n para el turista - precios de taxi - Ocean DR - Lincoln RD\",\"potentialAction\":[{\"@type\":\"SearchAction\",\"target\":{\"@type\":\"EntryPoint\",\"urlTemplate\":\"https:\/\/enjoymiamibeach.com\/espanol\/?s={search_term_string}\"},\"query-input\":\"required name=search_term_string\"}],\"inLanguage\":\"es\"},{\"@type\":\"ImageObject\",\"inLanguage\":\"es\",\"@id\":\"https:\/\/enjoymiamibeach.com\/espanol\/miami-beach-tours\/duck-tours\/#primaryimage\",\"url\":\"https:\/\/enjoymiamibeach.com\/espanol\/wp-content\/uploads\/2016\/05\/duck-tours-miami-beach.jpg\",\"contentUrl\":\"https:\/\/enjoymiamibeach.com\/espanol\/wp-content\/uploads\/2016\/05\/duck-tours-miami-beach.jpg\",\"width\":2000,\"height\":1116,\"caption\":\"duck tours miami beach\"},{\"@type\":\"WebPage\",\"@id\":\"https:\/\/enjoymiamibeach.com\/espanol\/miami-beach-tours\/duck-tours\/#webpage\",\"url\":\"https:\/\/enjoymiamibeach.com\/espanol\/miami-beach-tours\/duck-tours\/\",\"name\":\"Duck Tours - ENJOY MIAMI BEACH\",\"isPartOf\":{\"@id\":\"https:\/\/enjoymiamibeach.com\/espanol\/#website\"},\"primaryImageOfPage\":{\"@id\":\"https:\/\/enjoymiamibeach.com\/espanol\/miami-beach-tours\/duck-tours\/#primaryimage\"},\"datePublished\":\"2016-05-21T17:23:25+00:00\",\"dateModified\":\"2019-12-29T18:19:29+00:00\",\"breadcrumb\":{\"@id\":\"https:\/\/enjoymiamibeach.com\/espanol\/miami-beach-tours\/duck-tours\/#breadcrumb\"},\"inLanguage\":\"es\",\"potentialAction\":[{\"@type\":\"ReadAction\",\"target\":[\"https:\/\/enjoymiamibeach.com\/espanol\/miami-beach-tours\/duck-tours\/\"]}]},{\"@type\":\"BreadcrumbList\",\"@id\":\"https:\/\/enjoymiamibeach.com\/espanol\/miami-beach-tours\/duck-tours\/#breadcrumb\",\"itemListElement\":[{\"@type\":\"ListItem\",\"position\":1,\"name\":\"Home\",\"item\":\"https:\/\/enjoymiamibeach.com\/espanol\/\"},{\"@type\":\"ListItem\",\"position\":2,\"name\":\"Tours\",\"item\":\"https:\/\/enjoymiamibeach.com\/espanol\/miami-beach-tours\/\"},{\"@type\":\"ListItem\",\"position\":3,\"name\":\"Duck Tours\"}]}]}<\/script>\n<!-- \/ Yoast SEO plugin. -->","yoast_head_json":{"title":"Duck Tours - ENJOY MIAMI BEACH","robots":{"index":"index","follow":"follow","max-snippet":"max-snippet:-1","max-image-preview":"max-image-preview:large","max-video-preview":"max-video-preview:-1"},"canonical":"https:\/\/enjoymiamibeach.com\/espanol\/miami-beach-tours\/duck-tours\/","og_locale":"es_ES","og_type":"article","og_title":"Duck Tours - ENJOY MIAMI BEACH","og_description":"Tour por la ciudad y paseo en lancha todo en uno, sin tener que trasbordar veh\u00edculos. Este buque anfibio viajar\u00e1 alrededor de la ciudad y luego ir\u00e1 directamente al agua. Es genial. En resumen: Conoce la ciudad y sus monumentos, y luego admira la ciudad Read More ...","og_url":"https:\/\/enjoymiamibeach.com\/espanol\/miami-beach-tours\/duck-tours\/","og_site_name":"ENJOY MIAMI BEACH","article_modified_time":"2019-12-29T18:19:29+00:00","og_image":[{"width":2000,"height":1116,"url":"https:\/\/enjoymiamibeach.com\/espanol\/wp-content\/uploads\/2016\/05\/duck-tours-miami-beach.jpg","type":"image\/jpeg"}],"twitter_card":"summary","twitter_misc":{"Tiempo de lectura":"1 minuto"},"schema":{"@context":"https:\/\/schema.org","@graph":[{"@type":"WebSite","@id":"https:\/\/enjoymiamibeach.com\/espanol\/#website","url":"https:\/\/enjoymiamibeach.com\/espanol\/","name":"ENJOY MIAMI BEACH","description":"Miami Beach informaci\u00f3n para el turista - precios de taxi - Ocean DR - Lincoln RD","potentialAction":[{"@type":"SearchAction","target":{"@type":"EntryPoint","urlTemplate":"https:\/\/enjoymiamibeach.com\/espanol\/?s={search_term_string}"},"query-input":"required name=search_term_string"}],"inLanguage":"es"},{"@type":"ImageObject","inLanguage":"es","@id":"https:\/\/enjoymiamibeach.com\/espanol\/miami-beach-tours\/duck-tours\/#primaryimage","url":"https:\/\/enjoymiamibeach.com\/espanol\/wp-content\/uploads\/2016\/05\/duck-tours-miami-beach.jpg","contentUrl":"https:\/\/enjoymiamibeach.com\/espanol\/wp-content\/uploads\/2016\/05\/duck-tours-miami-beach.jpg","width":2000,"height":1116,"caption":"duck tours miami beach"},{"@type":"WebPage","@id":"https:\/\/enjoymiamibeach.com\/espanol\/miami-beach-tours\/duck-tours\/#webpage","url":"https:\/\/enjoymiamibeach.com\/espanol\/miami-beach-tours\/duck-tours\/","name":"Duck Tours - ENJOY MIAMI BEACH","isPartOf":{"@id":"https:\/\/enjoymiamibeach.com\/espanol\/#website"},"primaryImageOfPage":{"@id":"https:\/\/enjoymiamibeach.com\/espanol\/miami-beach-tours\/duck-tours\/#primaryimage"},"datePublished":"2016-05-21T17:23:25+00:00","dateModified":"2019-12-29T18:19:29+00:00","breadcrumb":{"@id":"https:\/\/enjoymiamibeach.com\/espanol\/miami-beach-tours\/duck-tours\/#breadcrumb"},"inLanguage":"es","potentialAction":[{"@type":"ReadAction","target":["https:\/\/enjoymiamibeach.com\/espanol\/miami-beach-tours\/duck-tours\/"]}]},{"@type":"BreadcrumbList","@id":"https:\/\/enjoymiamibeach.com\/espanol\/miami-beach-tours\/duck-tours\/#breadcrumb","itemListElement":[{"@type":"ListItem","position":1,"name":"Home","item":"https:\/\/enjoymiamibeach.com\/espanol\/"},{"@type":"ListItem","position":2,"name":"Tours","item":"https:\/\/enjoymiamibeach.com\/espanol\/miami-beach-tours\/"},{"@type":"ListItem","position":3,"name":"Duck Tours"}]}]}},"_links":{"self":[{"href":"https:\/\/enjoymiamibeach.com\/espanol\/wp-json\/wp\/v2\/pages\/408"}],"collection":[{"href":"https:\/\/enjoymiamibeach.com\/espanol\/wp-json\/wp\/v2\/pages"}],"about":[{"href":"https:\/\/enjoymiamibeach.com\/espanol\/wp-json\/wp\/v2\/types\/page"}],"author":[{"embeddable":true,"href":"https:\/\/enjoymiamibeach.com\/espanol\/wp-json\/wp\/v2\/users\/2"}],"replies":[{"embeddable":true,"href":"https:\/\/enjoymiamibeach.com\/espanol\/wp-json\/wp\/v2\/comments?post=408"}],"version-history":[{"count":9,"href":"https:\/\/enjoymiamibeach.com\/espanol\/wp-json\/wp\/v2\/pages\/408\/revisions"}],"predecessor-version":[{"id":1419,"href":"https:\/\/enjoymiamibeach.com\/espanol\/wp-json\/wp\/v2\/pages\/408\/revisions\/1419"}],"up":[{"embeddable":true,"href":"https:\/\/enjoymiamibeach.com\/espanol\/wp-json\/wp\/v2\/pages\/12"}],"wp:featuredmedia":[{"embeddable":true,"href":"https:\/\/enjoymiamibeach.com\/espanol\/wp-json\/wp\/v2\/media\/1169"}],"wp:attachment":[{"href":"https:\/\/enjoymiamibeach.com\/espanol\/wp-json\/wp\/v2\/media?parent=408"}],"curies":[{"name":"wp","href":"https:\/\/api.w.org\/{rel}","templated":true}]}}