{"id":36,"date":"2016-03-03T20:22:58","date_gmt":"2016-03-04T01:22:58","guid":{"rendered":"https:\/\/enjoymiamibeach.com\/espanol\/?page_id=36"},"modified":"2017-08-13T10:52:11","modified_gmt":"2017-08-13T15:52:11","slug":"home","status":"publish","type":"page","link":"https:\/\/enjoymiamibeach.com\/espanol\/","title":{"rendered":"Inicio"},"content":{"rendered":"<h3>\u00a1Bienvenido!<\/h3>\n<h4>Nos alegra que nos visitaras y esperamos proporcionarte informaci\u00f3n \u00fatil, respuestas a tus preguntas e ideas sobre qu\u00e9 ver y hacer en nuestra hermosa ciudad.<\/h4>\n<h4>Puedes empezar por visitar las p\u00e1ginas de <a href=\"https:\/\/enjoymiamibeach.com\/espanol\/miami-beach-tours\/\">tours <\/a>y <a href=\"https:\/\/enjoymiamibeach.com\/espanol\/activities\/\">actividades<\/a>, para aprender sobre cosas divertidas que puedes hacer mientras est\u00e9s en Miami Beach y Miami. \u00bfQuieres hacer algunas <a href=\"https:\/\/enjoymiamibeach.com\/espanol\/shopping-malls-miami-beach\/\">compras<\/a>? Tenemos much\u00edsima informaci\u00f3n sobre eso tambi\u00e9n.<\/h4>\n<h4>Si tienes m\u00e1s preguntas, sugerencias, o quieres comunicarte por cuestiones de negocios, no dudes en <a href=\"https:\/\/enjoymiamibeach.com\/espanol\/contact-us\/\">enviarnos un mensaje<\/a>.<\/h4>\n<p>&nbsp;<\/p>\n<h4><\/h4>\n","protected":false},"excerpt":{"rendered":"<p>\u00a1Bienvenido! Nos alegra que nos visitaras y esperamos proporcionarte informaci\u00f3n \u00fatil, respuestas a tus preguntas e ideas sobre qu\u00e9 ver y hacer en nuestra hermosa ciudad. Puedes empezar por visitar las p\u00e1ginas de tours y actividades, para aprender sobre cosas divertidas que puedes hacer mientras <a class=\"more-link\" href=\"https:\/\/enjoymiamibeach.com\/espanol\/\">Read More &#8230;<\/a><\/p>\n","protected":false},"author":2,"featured_media":0,"parent":0,"menu_order":0,"comment_status":"closed","ping_status":"closed","template":"","meta":[],"yoast_head":"<!-- This site is optimized with the Yoast SEO plugin v18.8 - https:\/\/yoast.com\/wordpress\/plugins\/seo\/ -->\n<title>Inicio - ENJOY MIAMI BEACH<\/title>\n<meta name=\"robots\" content=\"index, follow, max-snippet:-1, max-image-preview:large, max-video-preview:-1\" \/>\n<link rel=\"canonical\" href=\"https:\/\/enjoymiamibeach.com\/espanol\/\" \/>\n<meta property=\"og:locale\" content=\"es_ES\" \/>\n<meta property=\"og:type\" content=\"article\" \/>\n<meta property=\"og:title\" content=\"Inicio - ENJOY MIAMI BEACH\" \/>\n<meta property=\"og:description\" content=\"\u00a1Bienvenido! Nos alegra que nos visitaras y esperamos proporcionarte informaci\u00f3n \u00fatil, respuestas a tus preguntas e ideas sobre qu\u00e9 ver y hacer en nuestra hermosa ciudad. Puedes empezar por visitar las p\u00e1ginas de tours y actividades, para aprender sobre cosas divertidas que puedes hacer mientras Read More ...\" \/>\n<meta property=\"og:url\" content=\"https:\/\/enjoymiamibeach.com\/espanol\/\" \/>\n<meta property=\"og:site_name\" content=\"ENJOY MIAMI BEACH\" \/>\n<meta property=\"article:modified_time\" content=\"2017-08-13T15:52:11+00:00\" \/>\n<meta name=\"twitter:card\" content=\"summary\" \/>\n<script type=\"application\/ld+json\" class=\"yoast-schema-graph\">{\"@context\":\"https:\/\/schema.org\",\"@graph\":[{\"@type\":\"WebSite\",\"@id\":\"https:\/\/enjoymiamibeach.com\/espanol\/#website\",\"url\":\"https:\/\/enjoymiamibeach.com\/espanol\/\",\"name\":\"ENJOY MIAMI BEACH\",\"description\":\"Miami Beach informaci\u00f3n para el turista - precios de taxi - Ocean DR - Lincoln RD\",\"potentialAction\":[{\"@type\":\"SearchAction\",\"target\":{\"@type\":\"EntryPoint\",\"urlTemplate\":\"https:\/\/enjoymiamibeach.com\/espanol\/?s={search_term_string}\"},\"query-input\":\"required name=search_term_string\"}],\"inLanguage\":\"es\"},{\"@type\":\"WebPage\",\"@id\":\"https:\/\/enjoymiamibeach.com\/espanol\/#webpage\",\"url\":\"https:\/\/enjoymiamibeach.com\/espanol\/\",\"name\":\"Inicio - ENJOY MIAMI BEACH\",\"isPartOf\":{\"@id\":\"https:\/\/enjoymiamibeach.com\/espanol\/#website\"},\"datePublished\":\"2016-03-04T01:22:58+00:00\",\"dateModified\":\"2017-08-13T15:52:11+00:00\",\"breadcrumb\":{\"@id\":\"https:\/\/enjoymiamibeach.com\/espanol\/#breadcrumb\"},\"inLanguage\":\"es\",\"potentialAction\":[{\"@type\":\"ReadAction\",\"target\":[\"https:\/\/enjoymiamibeach.com\/espanol\/\"]}]},{\"@type\":\"BreadcrumbList\",\"@id\":\"https:\/\/enjoymiamibeach.com\/espanol\/#breadcrumb\",\"itemListElement\":[{\"@type\":\"ListItem\",\"position\":1,\"name\":\"Home\",\"item\":\"https:\/\/enjoymiamibeach.com\/espanol\/\"},{\"@type\":\"ListItem\",\"position\":2,\"name\":\"Inicio\"}]}]}<\/script>\n<!-- \/ Yoast SEO plugin. -->","yoast_head_json":{"title":"Inicio - ENJOY MIAMI BEACH","robots":{"index":"index","follow":"follow","max-snippet":"max-snippet:-1","max-image-preview":"max-image-preview:large","max-video-preview":"max-video-preview:-1"},"canonical":"https:\/\/enjoymiamibeach.com\/espanol\/","og_locale":"es_ES","og_type":"article","og_title":"Inicio - ENJOY MIAMI BEACH","og_description":"\u00a1Bienvenido! Nos alegra que nos visitaras y esperamos proporcionarte informaci\u00f3n \u00fatil, respuestas a tus preguntas e ideas sobre qu\u00e9 ver y hacer en nuestra hermosa ciudad. Puedes empezar por visitar las p\u00e1ginas de tours y actividades, para aprender sobre cosas divertidas que puedes hacer mientras Read More ...","og_url":"https:\/\/enjoymiamibeach.com\/espanol\/","og_site_name":"ENJOY MIAMI BEACH","article_modified_time":"2017-08-13T15:52:11+00:00","twitter_card":"summary","schema":{"@context":"https:\/\/schema.org","@graph":[{"@type":"WebSite","@id":"https:\/\/enjoymiamibeach.com\/espanol\/#website","url":"https:\/\/enjoymiamibeach.com\/espanol\/","name":"ENJOY MIAMI BEACH","description":"Miami Beach informaci\u00f3n para el turista - precios de taxi - Ocean DR - Lincoln RD","potentialAction":[{"@type":"SearchAction","target":{"@type":"EntryPoint","urlTemplate":"https:\/\/enjoymiamibeach.com\/espanol\/?s={search_term_string}"},"query-input":"required name=search_term_string"}],"inLanguage":"es"},{"@type":"WebPage","@id":"https:\/\/enjoymiamibeach.com\/espanol\/#webpage","url":"https:\/\/enjoymiamibeach.com\/espanol\/","name":"Inicio - ENJOY MIAMI BEACH","isPartOf":{"@id":"https:\/\/enjoymiamibeach.com\/espanol\/#website"},"datePublished":"2016-03-04T01:22:58+00:00","dateModified":"2017-08-13T15:52:11+00:00","breadcrumb":{"@id":"https:\/\/enjoymiamibeach.com\/espanol\/#breadcrumb"},"inLanguage":"es","potentialAction":[{"@type":"ReadAction","target":["https:\/\/enjoymiamibeach.com\/espanol\/"]}]},{"@type":"BreadcrumbList","@id":"https:\/\/enjoymiamibeach.com\/espanol\/#breadcrumb","itemListElement":[{"@type":"ListItem","position":1,"name":"Home","item":"https:\/\/enjoymiamibeach.com\/espanol\/"},{"@type":"ListItem","position":2,"name":"Inicio"}]}]}},"_links":{"self":[{"href":"https:\/\/enjoymiamibeach.com\/espanol\/wp-json\/wp\/v2\/pages\/36"}],"collection":[{"href":"https:\/\/enjoymiamibeach.com\/espanol\/wp-json\/wp\/v2\/pages"}],"about":[{"href":"https:\/\/enjoymiamibeach.com\/espanol\/wp-json\/wp\/v2\/types\/page"}],"author":[{"embeddable":true,"href":"https:\/\/enjoymiamibeach.com\/espanol\/wp-json\/wp\/v2\/users\/2"}],"replies":[{"embeddable":true,"href":"https:\/\/enjoymiamibeach.com\/espanol\/wp-json\/wp\/v2\/comments?post=36"}],"version-history":[{"count":5,"href":"https:\/\/enjoymiamibeach.com\/espanol\/wp-json\/wp\/v2\/pages\/36\/revisions"}],"predecessor-version":[{"id":1216,"href":"https:\/\/enjoymiamibeach.com\/espanol\/wp-json\/wp\/v2\/pages\/36\/revisions\/1216"}],"wp:attachment":[{"href":"https:\/\/enjoymiamibeach.com\/espanol\/wp-json\/wp\/v2\/media?parent=36"}],"curies":[{"name":"wp","href":"https:\/\/api.w.org\/{rel}","templated":true}]}}