{"id":213,"date":"2016-04-18T18:14:59","date_gmt":"2016-04-18T23:14:59","guid":{"rendered":"https:\/\/enjoymiamibeach.com\/espanol\/?page_id=213"},"modified":"2019-01-13T10:16:28","modified_gmt":"2019-01-13T15:16:28","slug":"ocean-drive-miami-beach","status":"publish","type":"page","link":"https:\/\/enjoymiamibeach.com\/espanol\/activities\/ocean-drive-miami-beach\/","title":{"rendered":"Ocean Drive"},"content":{"rendered":"<h3>Cierra los ojos y piensa \u00abMiami\u00bb. Estamos seguros de que as\u00ed es como se ve tu visi\u00f3n&#8230;<\/h3>\n<p><img loading=\"lazy\" class=\"aligncenter wp-image-866 size-large\" src=\"https:\/\/enjoymiamibeach.com\/espanol\/wp-content\/uploads\/2016\/04\/ocean-drive-miami-beach-1024x633.jpg\" alt=\"ocean drive miami beach\" width=\"880\" height=\"544\" srcset=\"https:\/\/enjoymiamibeach.com\/espanol\/wp-content\/uploads\/2016\/04\/ocean-drive-miami-beach-1024x633.jpg 1024w, https:\/\/enjoymiamibeach.com\/espanol\/wp-content\/uploads\/2016\/04\/ocean-drive-miami-beach-300x186.jpg 300w, https:\/\/enjoymiamibeach.com\/espanol\/wp-content\/uploads\/2016\/04\/ocean-drive-miami-beach-768x475.jpg 768w, https:\/\/enjoymiamibeach.com\/espanol\/wp-content\/uploads\/2016\/04\/ocean-drive-miami-beach.jpg 2000w\" sizes=\"(max-width: 880px) 100vw, 880px\" \/><\/p>\n<p>Bueno, lo que est\u00e1s viendo en tu cabeza es Ocean Drive, la calle que se hizo famosa por miles de pel\u00edculas, revistas y cosas de ese estilo. Sus hoteles ic\u00f3nicos de estilo art d\u00e9co, gente hermosa, autos elegantes y la brisa del mar, sin duda te hacen sentir como si estuvieras en un sue\u00f1o.<\/p>\n<table style=\"height: 159px; background-color: #f0f0f0; padding: 50px;\" width=\"879\">\n<tbody>\n<tr>\n<td>\n<h5>Esto es lo que necesitas saber sobre Ocean Drive:<\/h5>\n<ul>\n<li>Comienza en la calle 15 y se extiende hacia el sur hasta\u00a0<a href=\"https:\/\/enjoymiamibeach.com\/espanol\/south-pointe-park\/\" target=\"_blank\" rel=\"noopener\">South Pointe Dr<\/a><\/li>\n<li>La mayor\u00eda de las tiendas abren alrededor de las 10 am y permanecen<br \/>\nabiertas hasta las 11 pm<\/li>\n<li>En la calle 12 encontrar\u00e1s la Playa Gay.<\/li>\n<li><a href=\"https:\/\/enjoymiamibeach.com\/espanol\/parking\/\" target=\"_blank\" rel=\"noopener\">Aqu\u00ed es donde puedes estacionar<\/a> cuando vienes a Ocean Drive<\/li>\n<li>\u00bfQuieres hacer un tour por la zona? <a href=\"https:\/\/enjoymiamibeach.com\/espanol\/tours\/art-deco-walking-tour\/\" target=\"_blank\" rel=\"noopener\">Mira aqu\u00ed<\/a>.<\/li>\n<\/ul>\n<\/td>\n<\/tr>\n<\/tbody>\n<\/table>\n<p><\/p>\n","protected":false},"excerpt":{"rendered":"<p>Cierra los ojos y piensa \u00abMiami\u00bb. Estamos seguros de que as\u00ed es como se ve tu visi\u00f3n&#8230; Bueno, lo que est\u00e1s viendo en tu cabeza es Ocean Drive, la calle que se hizo famosa por miles de pel\u00edculas, revistas y cosas de ese estilo. Sus <a class=\"more-link\" href=\"https:\/\/enjoymiamibeach.com\/espanol\/activities\/ocean-drive-miami-beach\/\">Read More &#8230;<\/a><\/p>\n","protected":false},"author":2,"featured_media":866,"parent":69,"menu_order":0,"comment_status":"closed","ping_status":"closed","template":"","meta":[],"yoast_head":"<!-- This site is optimized with the Yoast SEO plugin v18.8 - https:\/\/yoast.com\/wordpress\/plugins\/seo\/ -->\n<title>Ocean Drive - ENJOY MIAMI BEACH<\/title>\n<meta name=\"robots\" content=\"index, follow, max-snippet:-1, max-image-preview:large, max-video-preview:-1\" \/>\n<link rel=\"canonical\" href=\"https:\/\/enjoymiamibeach.com\/espanol\/activities\/ocean-drive-miami-beach\/\" \/>\n<meta property=\"og:locale\" content=\"es_ES\" \/>\n<meta property=\"og:type\" content=\"article\" \/>\n<meta property=\"og:title\" content=\"Ocean Drive - ENJOY MIAMI BEACH\" \/>\n<meta property=\"og:description\" content=\"Cierra los ojos y piensa \u00abMiami\u00bb. Estamos seguros de que as\u00ed es como se ve tu visi\u00f3n&#8230; Bueno, lo que est\u00e1s viendo en tu cabeza es Ocean Drive, la calle que se hizo famosa por miles de pel\u00edculas, revistas y cosas de ese estilo. Sus Read More ...\" \/>\n<meta property=\"og:url\" content=\"https:\/\/enjoymiamibeach.com\/espanol\/activities\/ocean-drive-miami-beach\/\" \/>\n<meta property=\"og:site_name\" content=\"ENJOY MIAMI BEACH\" \/>\n<meta property=\"article:modified_time\" content=\"2019-01-13T15:16:28+00:00\" \/>\n<meta property=\"og:image\" content=\"https:\/\/enjoymiamibeach.com\/espanol\/wp-content\/uploads\/2016\/04\/ocean-drive-miami-beach.jpg\" \/>\n\t<meta property=\"og:image:width\" content=\"2000\" \/>\n\t<meta property=\"og:image:height\" content=\"1237\" \/>\n\t<meta property=\"og:image:type\" content=\"image\/jpeg\" \/>\n<meta name=\"twitter:card\" content=\"summary\" \/>\n<meta name=\"twitter:label1\" content=\"Tiempo de lectura\" \/>\n\t<meta name=\"twitter:data1\" content=\"1 minuto\" \/>\n<script type=\"application\/ld+json\" class=\"yoast-schema-graph\">{\"@context\":\"https:\/\/schema.org\",\"@graph\":[{\"@type\":\"WebSite\",\"@id\":\"https:\/\/enjoymiamibeach.com\/espanol\/#website\",\"url\":\"https:\/\/enjoymiamibeach.com\/espanol\/\",\"name\":\"ENJOY MIAMI BEACH\",\"description\":\"Miami Beach informaci\u00f3n para el turista - precios de taxi - Ocean DR - Lincoln RD\",\"potentialAction\":[{\"@type\":\"SearchAction\",\"target\":{\"@type\":\"EntryPoint\",\"urlTemplate\":\"https:\/\/enjoymiamibeach.com\/espanol\/?s={search_term_string}\"},\"query-input\":\"required name=search_term_string\"}],\"inLanguage\":\"es\"},{\"@type\":\"ImageObject\",\"inLanguage\":\"es\",\"@id\":\"https:\/\/enjoymiamibeach.com\/espanol\/activities\/ocean-drive-miami-beach\/#primaryimage\",\"url\":\"https:\/\/enjoymiamibeach.com\/espanol\/wp-content\/uploads\/2016\/04\/ocean-drive-miami-beach.jpg\",\"contentUrl\":\"https:\/\/enjoymiamibeach.com\/espanol\/wp-content\/uploads\/2016\/04\/ocean-drive-miami-beach.jpg\",\"width\":2000,\"height\":1237,\"caption\":\"Miami Beach visitor tourist information\"},{\"@type\":\"WebPage\",\"@id\":\"https:\/\/enjoymiamibeach.com\/espanol\/activities\/ocean-drive-miami-beach\/#webpage\",\"url\":\"https:\/\/enjoymiamibeach.com\/espanol\/activities\/ocean-drive-miami-beach\/\",\"name\":\"Ocean Drive - ENJOY MIAMI BEACH\",\"isPartOf\":{\"@id\":\"https:\/\/enjoymiamibeach.com\/espanol\/#website\"},\"primaryImageOfPage\":{\"@id\":\"https:\/\/enjoymiamibeach.com\/espanol\/activities\/ocean-drive-miami-beach\/#primaryimage\"},\"datePublished\":\"2016-04-18T23:14:59+00:00\",\"dateModified\":\"2019-01-13T15:16:28+00:00\",\"breadcrumb\":{\"@id\":\"https:\/\/enjoymiamibeach.com\/espanol\/activities\/ocean-drive-miami-beach\/#breadcrumb\"},\"inLanguage\":\"es\",\"potentialAction\":[{\"@type\":\"ReadAction\",\"target\":[\"https:\/\/enjoymiamibeach.com\/espanol\/activities\/ocean-drive-miami-beach\/\"]}]},{\"@type\":\"BreadcrumbList\",\"@id\":\"https:\/\/enjoymiamibeach.com\/espanol\/activities\/ocean-drive-miami-beach\/#breadcrumb\",\"itemListElement\":[{\"@type\":\"ListItem\",\"position\":1,\"name\":\"Home\",\"item\":\"https:\/\/enjoymiamibeach.com\/espanol\/\"},{\"@type\":\"ListItem\",\"position\":2,\"name\":\"Actividades\",\"item\":\"https:\/\/enjoymiamibeach.com\/espanol\/activities\/\"},{\"@type\":\"ListItem\",\"position\":3,\"name\":\"Ocean Drive\"}]}]}<\/script>\n<!-- \/ Yoast SEO plugin. -->","yoast_head_json":{"title":"Ocean Drive - ENJOY MIAMI BEACH","robots":{"index":"index","follow":"follow","max-snippet":"max-snippet:-1","max-image-preview":"max-image-preview:large","max-video-preview":"max-video-preview:-1"},"canonical":"https:\/\/enjoymiamibeach.com\/espanol\/activities\/ocean-drive-miami-beach\/","og_locale":"es_ES","og_type":"article","og_title":"Ocean Drive - ENJOY MIAMI BEACH","og_description":"Cierra los ojos y piensa \u00abMiami\u00bb. Estamos seguros de que as\u00ed es como se ve tu visi\u00f3n&#8230; Bueno, lo que est\u00e1s viendo en tu cabeza es Ocean Drive, la calle que se hizo famosa por miles de pel\u00edculas, revistas y cosas de ese estilo. Sus Read More ...","og_url":"https:\/\/enjoymiamibeach.com\/espanol\/activities\/ocean-drive-miami-beach\/","og_site_name":"ENJOY MIAMI BEACH","article_modified_time":"2019-01-13T15:16:28+00:00","og_image":[{"width":2000,"height":1237,"url":"https:\/\/enjoymiamibeach.com\/espanol\/wp-content\/uploads\/2016\/04\/ocean-drive-miami-beach.jpg","type":"image\/jpeg"}],"twitter_card":"summary","twitter_misc":{"Tiempo de lectura":"1 minuto"},"schema":{"@context":"https:\/\/schema.org","@graph":[{"@type":"WebSite","@id":"https:\/\/enjoymiamibeach.com\/espanol\/#website","url":"https:\/\/enjoymiamibeach.com\/espanol\/","name":"ENJOY MIAMI BEACH","description":"Miami Beach informaci\u00f3n para el turista - precios de taxi - Ocean DR - Lincoln RD","potentialAction":[{"@type":"SearchAction","target":{"@type":"EntryPoint","urlTemplate":"https:\/\/enjoymiamibeach.com\/espanol\/?s={search_term_string}"},"query-input":"required name=search_term_string"}],"inLanguage":"es"},{"@type":"ImageObject","inLanguage":"es","@id":"https:\/\/enjoymiamibeach.com\/espanol\/activities\/ocean-drive-miami-beach\/#primaryimage","url":"https:\/\/enjoymiamibeach.com\/espanol\/wp-content\/uploads\/2016\/04\/ocean-drive-miami-beach.jpg","contentUrl":"https:\/\/enjoymiamibeach.com\/espanol\/wp-content\/uploads\/2016\/04\/ocean-drive-miami-beach.jpg","width":2000,"height":1237,"caption":"Miami Beach visitor tourist information"},{"@type":"WebPage","@id":"https:\/\/enjoymiamibeach.com\/espanol\/activities\/ocean-drive-miami-beach\/#webpage","url":"https:\/\/enjoymiamibeach.com\/espanol\/activities\/ocean-drive-miami-beach\/","name":"Ocean Drive - ENJOY MIAMI BEACH","isPartOf":{"@id":"https:\/\/enjoymiamibeach.com\/espanol\/#website"},"primaryImageOfPage":{"@id":"https:\/\/enjoymiamibeach.com\/espanol\/activities\/ocean-drive-miami-beach\/#primaryimage"},"datePublished":"2016-04-18T23:14:59+00:00","dateModified":"2019-01-13T15:16:28+00:00","breadcrumb":{"@id":"https:\/\/enjoymiamibeach.com\/espanol\/activities\/ocean-drive-miami-beach\/#breadcrumb"},"inLanguage":"es","potentialAction":[{"@type":"ReadAction","target":["https:\/\/enjoymiamibeach.com\/espanol\/activities\/ocean-drive-miami-beach\/"]}]},{"@type":"BreadcrumbList","@id":"https:\/\/enjoymiamibeach.com\/espanol\/activities\/ocean-drive-miami-beach\/#breadcrumb","itemListElement":[{"@type":"ListItem","position":1,"name":"Home","item":"https:\/\/enjoymiamibeach.com\/espanol\/"},{"@type":"ListItem","position":2,"name":"Actividades","item":"https:\/\/enjoymiamibeach.com\/espanol\/activities\/"},{"@type":"ListItem","position":3,"name":"Ocean Drive"}]}]}},"_links":{"self":[{"href":"https:\/\/enjoymiamibeach.com\/espanol\/wp-json\/wp\/v2\/pages\/213"}],"collection":[{"href":"https:\/\/enjoymiamibeach.com\/espanol\/wp-json\/wp\/v2\/pages"}],"about":[{"href":"https:\/\/enjoymiamibeach.com\/espanol\/wp-json\/wp\/v2\/types\/page"}],"author":[{"embeddable":true,"href":"https:\/\/enjoymiamibeach.com\/espanol\/wp-json\/wp\/v2\/users\/2"}],"replies":[{"embeddable":true,"href":"https:\/\/enjoymiamibeach.com\/espanol\/wp-json\/wp\/v2\/comments?post=213"}],"version-history":[{"count":11,"href":"https:\/\/enjoymiamibeach.com\/espanol\/wp-json\/wp\/v2\/pages\/213\/revisions"}],"predecessor-version":[{"id":1280,"href":"https:\/\/enjoymiamibeach.com\/espanol\/wp-json\/wp\/v2\/pages\/213\/revisions\/1280"}],"up":[{"embeddable":true,"href":"https:\/\/enjoymiamibeach.com\/espanol\/wp-json\/wp\/v2\/pages\/69"}],"wp:featuredmedia":[{"embeddable":true,"href":"https:\/\/enjoymiamibeach.com\/espanol\/wp-json\/wp\/v2\/media\/866"}],"wp:attachment":[{"href":"https:\/\/enjoymiamibeach.com\/espanol\/wp-json\/wp\/v2\/media?parent=213"}],"curies":[{"name":"wp","href":"https:\/\/api.w.org\/{rel}","templated":true}]}}