{"id":171,"date":"2016-03-07T16:58:26","date_gmt":"2016-03-07T21:58:26","guid":{"rendered":"https:\/\/enjoymiamibeach.com\/espanol\/?page_id=171"},"modified":"2017-08-13T12:19:48","modified_gmt":"2017-08-13T17:19:48","slug":"compras-en-south-beach-miami","status":"publish","type":"page","link":"https:\/\/enjoymiamibeach.com\/espanol\/shopping-malls-miami-beach\/compras-en-south-beach-miami\/","title":{"rendered":"Compras en South Beach"},"content":{"rendered":"<h3>South Beach es un lugar para pasear, tomar un poco de sol y sentir el aroma del oc\u00e9ano. Todo esto puedes hacerlo mientras haces compras y comes en los restaurantes de Lincoln Rd y Ocean Drive.<\/h3>\n<p>&nbsp;<\/p>\n<h5 id=\"lincoln-rd-info\"><\/h5>\n<p><img loading=\"lazy\" class=\"size-large wp-image-936\" src=\"https:\/\/enjoymiamibeach.com\/espanol\/wp-content\/uploads\/2016\/03\/Shopping-In-South-Beach-Miami-Lincoln-Road-Mall-3-1024x633.jpg\" alt=\"Shopping In South Beach Miami Lincoln Road Mall\" width=\"880\" height=\"544\" srcset=\"https:\/\/enjoymiamibeach.com\/espanol\/wp-content\/uploads\/2016\/03\/Shopping-In-South-Beach-Miami-Lincoln-Road-Mall-3-1024x633.jpg 1024w, https:\/\/enjoymiamibeach.com\/espanol\/wp-content\/uploads\/2016\/03\/Shopping-In-South-Beach-Miami-Lincoln-Road-Mall-3-300x186.jpg 300w, https:\/\/enjoymiamibeach.com\/espanol\/wp-content\/uploads\/2016\/03\/Shopping-In-South-Beach-Miami-Lincoln-Road-Mall-3-768x475.jpg 768w, https:\/\/enjoymiamibeach.com\/espanol\/wp-content\/uploads\/2016\/03\/Shopping-In-South-Beach-Miami-Lincoln-Road-Mall-3.jpg 1374w\" sizes=\"(max-width: 880px) 100vw, 880px\" \/><\/p>\n<h3>Lincoln Rd Mall:<\/h3>\n<p>Este paseo\/calle peatonal abarca ocho cuadras entre Washington Ave y Alton Rd en Miami Beach. La mayor\u00eda de sus tiendas abren alrededor de las 10 am y cierran a las 11 pm (los restaurantes<br \/>\npermanecen abiertos hasta m\u00e1s tarde) los siete d\u00edas de la semana.<\/p>\n<p>Si est\u00e1s buscando opciones para comer, aqu\u00ed las tienes. \u00bfS\u00f3lo caf\u00e9? \u00a1No hay problema! \u00bfCompras? Seguro. Con m\u00e1s de 120 tiendas, incluyendo galer\u00edas de arte y un cine, tendr\u00e1s mucho para hacer.<\/p>\n<p><a href=\"http:\/\/lincolnroadmall.com\/shopping\/all-stores-a-z\/\" target=\"_blank\" rel=\"noopener\">Aqu\u00ed hay una lista de todas las tiendas en Lincoln Rd Mall.<\/a><\/p>\n<p>&nbsp;<\/p>\n<hr \/>\n<p><img loading=\"lazy\" class=\"size-large wp-image-934\" src=\"https:\/\/enjoymiamibeach.com\/espanol\/wp-content\/uploads\/2016\/09\/Shopping-In-South-Beach-Miami-Ocean-Drive-1024x682.jpg\" alt=\"Shopping In South Beach Miami Ocean Drive\" width=\"880\" height=\"586\" srcset=\"https:\/\/enjoymiamibeach.com\/espanol\/wp-content\/uploads\/2016\/09\/Shopping-In-South-Beach-Miami-Ocean-Drive-1024x682.jpg 1024w, https:\/\/enjoymiamibeach.com\/espanol\/wp-content\/uploads\/2016\/09\/Shopping-In-South-Beach-Miami-Ocean-Drive-300x200.jpg 300w, https:\/\/enjoymiamibeach.com\/espanol\/wp-content\/uploads\/2016\/09\/Shopping-In-South-Beach-Miami-Ocean-Drive-768x512.jpg 768w, https:\/\/enjoymiamibeach.com\/espanol\/wp-content\/uploads\/2016\/09\/Shopping-In-South-Beach-Miami-Ocean-Drive-480x320.jpg 480w, https:\/\/enjoymiamibeach.com\/espanol\/wp-content\/uploads\/2016\/09\/Shopping-In-South-Beach-Miami-Ocean-Drive-880x586.jpg 880w, https:\/\/enjoymiamibeach.com\/espanol\/wp-content\/uploads\/2016\/09\/Shopping-In-South-Beach-Miami-Ocean-Drive-385x257.jpg 385w, https:\/\/enjoymiamibeach.com\/espanol\/wp-content\/uploads\/2016\/09\/Shopping-In-South-Beach-Miami-Ocean-Drive-272x182.jpg 272w, https:\/\/enjoymiamibeach.com\/espanol\/wp-content\/uploads\/2016\/09\/Shopping-In-South-Beach-Miami-Ocean-Drive.jpg 2000w\" sizes=\"(max-width: 880px) 100vw, 880px\" \/><\/p>\n<h3>Ocean Drive:<\/h3>\n<p>\u00bfRecuerdas Miami Vice? \u00bfO quiz\u00e1s esas fotos de modelos hermosas en revistas de moda? Fueron tomadas\u00a0en Ocean Drive. Esta calle se extiende por 2,1 km desde la calle 1 (el punto m\u00e1s al sur de<br \/>\nMiami Beach) y hasta la calle 15, y tiene muchas tiendas, bares y restaurantes con mesas al aire libre.<\/p>\n<p>Es m\u00e1s que nada un lugar para comer pero hay donde hacer un poco de compras tambi\u00e9n. En la misma Ocean Drive encontrar\u00e1s peque\u00f1as boutiques que venden desde ropa de playa hasta arte.<\/p>\n<p>Adem\u00e1s, a una cuadra al oeste (la siguiente calle paralela a Ocean Drive), en la avenida Collins entre las calles 8 y 5, hay una zona comercial bastante buena, con tiendas como Armani Exchange, Sephora, Victoria&#8217;s Secret, Tommy Hilfiger y Aldo, por nombrar algunas.<\/p>\n<p>Estas tiendas est\u00e1n abiertas los siete d\u00edas de la semana y la mayor\u00eda abrea las 10 de la ma\u00f1ana (los horarios de cierre var\u00edan)<\/p>\n<p>&nbsp;<\/p>\n<hr \/>\n<h5 id=\"5th-alton-info\"><\/h5>\n<p><img loading=\"lazy\" class=\"size-large wp-image-926\" src=\"https:\/\/enjoymiamibeach.com\/espanol\/wp-content\/uploads\/2016\/09\/Shopping-In-South-Beach-Miami-5-And-Alton-1024x682.jpg\" alt=\"Shopping In South Beach Miami Fifth and Alton\" width=\"880\" height=\"586\" srcset=\"https:\/\/enjoymiamibeach.com\/espanol\/wp-content\/uploads\/2016\/09\/Shopping-In-South-Beach-Miami-5-And-Alton-1024x682.jpg 1024w, https:\/\/enjoymiamibeach.com\/espanol\/wp-content\/uploads\/2016\/09\/Shopping-In-South-Beach-Miami-5-And-Alton-300x200.jpg 300w, https:\/\/enjoymiamibeach.com\/espanol\/wp-content\/uploads\/2016\/09\/Shopping-In-South-Beach-Miami-5-And-Alton-768x512.jpg 768w, https:\/\/enjoymiamibeach.com\/espanol\/wp-content\/uploads\/2016\/09\/Shopping-In-South-Beach-Miami-5-And-Alton-480x320.jpg 480w, https:\/\/enjoymiamibeach.com\/espanol\/wp-content\/uploads\/2016\/09\/Shopping-In-South-Beach-Miami-5-And-Alton-880x586.jpg 880w, https:\/\/enjoymiamibeach.com\/espanol\/wp-content\/uploads\/2016\/09\/Shopping-In-South-Beach-Miami-5-And-Alton-385x257.jpg 385w, https:\/\/enjoymiamibeach.com\/espanol\/wp-content\/uploads\/2016\/09\/Shopping-In-South-Beach-Miami-5-And-Alton-272x182.jpg 272w, https:\/\/enjoymiamibeach.com\/espanol\/wp-content\/uploads\/2016\/09\/Shopping-In-South-Beach-Miami-5-And-Alton.jpg 2000w\" sizes=\"(max-width: 880px) 100vw, 880px\" \/><\/p>\n<h3>5th &amp; Alton:<\/h3>\n<p>Desde lejos se podr\u00edas pensar que este edificio, que parece ocupar una manzana entera, es un centro comercial enorme. Sin embargo, es m\u00e1s que nada un garaje que alberga algunas tiendas. De todos<br \/>\nmodos, 5th &amp; Alton es una parada de compras para muchos turistas que buscan electr\u00f3nicos (el \u00fanico Best Buy en Miami Beach est\u00e1 all\u00ed), ropa y regalos (tiene un Ross Dress For Less y un TJ Maxx)<\/p>\n<p>Los negocios abren alrededor de las 9am y cierran alrededor de las 10pm. El estacionamiento es gratuito si se quedan menos de dos horas.<\/p>\n<p>Justo al lado hay un supermercado Publix, en caso de que quieras abastecerte de algunos comestibles.<\/p>\n<p>&nbsp;<\/p>\n","protected":false},"excerpt":{"rendered":"<p>South Beach es un lugar para pasear, tomar un poco de sol y sentir el aroma del oc\u00e9ano. Todo esto puedes hacerlo mientras haces compras y comes en los restaurantes de Lincoln Rd y Ocean Drive. &nbsp; Lincoln Rd Mall: Este paseo\/calle peatonal abarca ocho <a class=\"more-link\" href=\"https:\/\/enjoymiamibeach.com\/espanol\/shopping-malls-miami-beach\/compras-en-south-beach-miami\/\">Read More &#8230;<\/a><\/p>\n","protected":false},"author":2,"featured_media":0,"parent":173,"menu_order":0,"comment_status":"closed","ping_status":"closed","template":"","meta":[],"yoast_head":"<!-- This site is optimized with the Yoast SEO plugin v18.8 - https:\/\/yoast.com\/wordpress\/plugins\/seo\/ -->\n<title>Compras en South Beach - ENJOY MIAMI BEACH<\/title>\n<meta name=\"robots\" content=\"index, follow, max-snippet:-1, max-image-preview:large, max-video-preview:-1\" \/>\n<link rel=\"canonical\" href=\"https:\/\/enjoymiamibeach.com\/espanol\/shopping-malls-miami-beach\/compras-en-south-beach-miami\/\" \/>\n<meta property=\"og:locale\" content=\"es_ES\" \/>\n<meta property=\"og:type\" content=\"article\" \/>\n<meta property=\"og:title\" content=\"Compras en South Beach - ENJOY MIAMI BEACH\" \/>\n<meta property=\"og:description\" content=\"South Beach es un lugar para pasear, tomar un poco de sol y sentir el aroma del oc\u00e9ano. Todo esto puedes hacerlo mientras haces compras y comes en los restaurantes de Lincoln Rd y Ocean Drive. &nbsp; Lincoln Rd Mall: Este paseo\/calle peatonal abarca ocho Read More ...\" \/>\n<meta property=\"og:url\" content=\"https:\/\/enjoymiamibeach.com\/espanol\/shopping-malls-miami-beach\/compras-en-south-beach-miami\/\" \/>\n<meta property=\"og:site_name\" content=\"ENJOY MIAMI BEACH\" \/>\n<meta property=\"article:modified_time\" content=\"2017-08-13T17:19:48+00:00\" \/>\n<meta property=\"og:image\" content=\"https:\/\/enjoymiamibeach.com\/espanol\/wp-content\/uploads\/2016\/03\/Shopping-In-South-Beach-Miami-Lincoln-Road-Mall-3-1024x633.jpg\" \/>\n<meta name=\"twitter:card\" content=\"summary\" \/>\n<meta name=\"twitter:label1\" content=\"Tiempo de lectura\" \/>\n\t<meta name=\"twitter:data1\" content=\"2 minutos\" \/>\n<script type=\"application\/ld+json\" class=\"yoast-schema-graph\">{\"@context\":\"https:\/\/schema.org\",\"@graph\":[{\"@type\":\"WebSite\",\"@id\":\"https:\/\/enjoymiamibeach.com\/espanol\/#website\",\"url\":\"https:\/\/enjoymiamibeach.com\/espanol\/\",\"name\":\"ENJOY MIAMI BEACH\",\"description\":\"Miami Beach informaci\u00f3n para el turista - precios de taxi - Ocean DR - Lincoln RD\",\"potentialAction\":[{\"@type\":\"SearchAction\",\"target\":{\"@type\":\"EntryPoint\",\"urlTemplate\":\"https:\/\/enjoymiamibeach.com\/espanol\/?s={search_term_string}\"},\"query-input\":\"required name=search_term_string\"}],\"inLanguage\":\"es\"},{\"@type\":\"ImageObject\",\"inLanguage\":\"es\",\"@id\":\"https:\/\/enjoymiamibeach.com\/espanol\/shopping-malls-miami-beach\/compras-en-south-beach-miami\/#primaryimage\",\"url\":\"https:\/\/enjoymiamibeach.com\/espanol\/wp-content\/uploads\/2016\/03\/Shopping-In-South-Beach-Miami-Lincoln-Road-Mall-3.jpg\",\"contentUrl\":\"https:\/\/enjoymiamibeach.com\/espanol\/wp-content\/uploads\/2016\/03\/Shopping-In-South-Beach-Miami-Lincoln-Road-Mall-3.jpg\",\"width\":1374,\"height\":850,\"caption\":\"Miami Beach visitor tourist information\"},{\"@type\":\"WebPage\",\"@id\":\"https:\/\/enjoymiamibeach.com\/espanol\/shopping-malls-miami-beach\/compras-en-south-beach-miami\/#webpage\",\"url\":\"https:\/\/enjoymiamibeach.com\/espanol\/shopping-malls-miami-beach\/compras-en-south-beach-miami\/\",\"name\":\"Compras en South Beach - ENJOY MIAMI BEACH\",\"isPartOf\":{\"@id\":\"https:\/\/enjoymiamibeach.com\/espanol\/#website\"},\"primaryImageOfPage\":{\"@id\":\"https:\/\/enjoymiamibeach.com\/espanol\/shopping-malls-miami-beach\/compras-en-south-beach-miami\/#primaryimage\"},\"datePublished\":\"2016-03-07T21:58:26+00:00\",\"dateModified\":\"2017-08-13T17:19:48+00:00\",\"breadcrumb\":{\"@id\":\"https:\/\/enjoymiamibeach.com\/espanol\/shopping-malls-miami-beach\/compras-en-south-beach-miami\/#breadcrumb\"},\"inLanguage\":\"es\",\"potentialAction\":[{\"@type\":\"ReadAction\",\"target\":[\"https:\/\/enjoymiamibeach.com\/espanol\/shopping-malls-miami-beach\/compras-en-south-beach-miami\/\"]}]},{\"@type\":\"BreadcrumbList\",\"@id\":\"https:\/\/enjoymiamibeach.com\/espanol\/shopping-malls-miami-beach\/compras-en-south-beach-miami\/#breadcrumb\",\"itemListElement\":[{\"@type\":\"ListItem\",\"position\":1,\"name\":\"Home\",\"item\":\"https:\/\/enjoymiamibeach.com\/espanol\/\"},{\"@type\":\"ListItem\",\"position\":2,\"name\":\"Shopping Malls \/ D\u00f3nde ir de compras\",\"item\":\"https:\/\/enjoymiamibeach.com\/espanol\/shopping-malls-miami-beach\/\"},{\"@type\":\"ListItem\",\"position\":3,\"name\":\"Compras en South Beach\"}]}]}<\/script>\n<!-- \/ Yoast SEO plugin. -->","yoast_head_json":{"title":"Compras en South Beach - ENJOY MIAMI BEACH","robots":{"index":"index","follow":"follow","max-snippet":"max-snippet:-1","max-image-preview":"max-image-preview:large","max-video-preview":"max-video-preview:-1"},"canonical":"https:\/\/enjoymiamibeach.com\/espanol\/shopping-malls-miami-beach\/compras-en-south-beach-miami\/","og_locale":"es_ES","og_type":"article","og_title":"Compras en South Beach - ENJOY MIAMI BEACH","og_description":"South Beach es un lugar para pasear, tomar un poco de sol y sentir el aroma del oc\u00e9ano. Todo esto puedes hacerlo mientras haces compras y comes en los restaurantes de Lincoln Rd y Ocean Drive. &nbsp; Lincoln Rd Mall: Este paseo\/calle peatonal abarca ocho Read More ...","og_url":"https:\/\/enjoymiamibeach.com\/espanol\/shopping-malls-miami-beach\/compras-en-south-beach-miami\/","og_site_name":"ENJOY MIAMI BEACH","article_modified_time":"2017-08-13T17:19:48+00:00","og_image":[{"url":"https:\/\/enjoymiamibeach.com\/espanol\/wp-content\/uploads\/2016\/03\/Shopping-In-South-Beach-Miami-Lincoln-Road-Mall-3-1024x633.jpg"}],"twitter_card":"summary","twitter_misc":{"Tiempo de lectura":"2 minutos"},"schema":{"@context":"https:\/\/schema.org","@graph":[{"@type":"WebSite","@id":"https:\/\/enjoymiamibeach.com\/espanol\/#website","url":"https:\/\/enjoymiamibeach.com\/espanol\/","name":"ENJOY MIAMI BEACH","description":"Miami Beach informaci\u00f3n para el turista - precios de taxi - Ocean DR - Lincoln RD","potentialAction":[{"@type":"SearchAction","target":{"@type":"EntryPoint","urlTemplate":"https:\/\/enjoymiamibeach.com\/espanol\/?s={search_term_string}"},"query-input":"required name=search_term_string"}],"inLanguage":"es"},{"@type":"ImageObject","inLanguage":"es","@id":"https:\/\/enjoymiamibeach.com\/espanol\/shopping-malls-miami-beach\/compras-en-south-beach-miami\/#primaryimage","url":"https:\/\/enjoymiamibeach.com\/espanol\/wp-content\/uploads\/2016\/03\/Shopping-In-South-Beach-Miami-Lincoln-Road-Mall-3.jpg","contentUrl":"https:\/\/enjoymiamibeach.com\/espanol\/wp-content\/uploads\/2016\/03\/Shopping-In-South-Beach-Miami-Lincoln-Road-Mall-3.jpg","width":1374,"height":850,"caption":"Miami Beach visitor tourist information"},{"@type":"WebPage","@id":"https:\/\/enjoymiamibeach.com\/espanol\/shopping-malls-miami-beach\/compras-en-south-beach-miami\/#webpage","url":"https:\/\/enjoymiamibeach.com\/espanol\/shopping-malls-miami-beach\/compras-en-south-beach-miami\/","name":"Compras en South Beach - ENJOY MIAMI BEACH","isPartOf":{"@id":"https:\/\/enjoymiamibeach.com\/espanol\/#website"},"primaryImageOfPage":{"@id":"https:\/\/enjoymiamibeach.com\/espanol\/shopping-malls-miami-beach\/compras-en-south-beach-miami\/#primaryimage"},"datePublished":"2016-03-07T21:58:26+00:00","dateModified":"2017-08-13T17:19:48+00:00","breadcrumb":{"@id":"https:\/\/enjoymiamibeach.com\/espanol\/shopping-malls-miami-beach\/compras-en-south-beach-miami\/#breadcrumb"},"inLanguage":"es","potentialAction":[{"@type":"ReadAction","target":["https:\/\/enjoymiamibeach.com\/espanol\/shopping-malls-miami-beach\/compras-en-south-beach-miami\/"]}]},{"@type":"BreadcrumbList","@id":"https:\/\/enjoymiamibeach.com\/espanol\/shopping-malls-miami-beach\/compras-en-south-beach-miami\/#breadcrumb","itemListElement":[{"@type":"ListItem","position":1,"name":"Home","item":"https:\/\/enjoymiamibeach.com\/espanol\/"},{"@type":"ListItem","position":2,"name":"Shopping Malls \/ D\u00f3nde ir de compras","item":"https:\/\/enjoymiamibeach.com\/espanol\/shopping-malls-miami-beach\/"},{"@type":"ListItem","position":3,"name":"Compras en South Beach"}]}]}},"_links":{"self":[{"href":"https:\/\/enjoymiamibeach.com\/espanol\/wp-json\/wp\/v2\/pages\/171"}],"collection":[{"href":"https:\/\/enjoymiamibeach.com\/espanol\/wp-json\/wp\/v2\/pages"}],"about":[{"href":"https:\/\/enjoymiamibeach.com\/espanol\/wp-json\/wp\/v2\/types\/page"}],"author":[{"embeddable":true,"href":"https:\/\/enjoymiamibeach.com\/espanol\/wp-json\/wp\/v2\/users\/2"}],"replies":[{"embeddable":true,"href":"https:\/\/enjoymiamibeach.com\/espanol\/wp-json\/wp\/v2\/comments?post=171"}],"version-history":[{"count":16,"href":"https:\/\/enjoymiamibeach.com\/espanol\/wp-json\/wp\/v2\/pages\/171\/revisions"}],"predecessor-version":[{"id":1221,"href":"https:\/\/enjoymiamibeach.com\/espanol\/wp-json\/wp\/v2\/pages\/171\/revisions\/1221"}],"up":[{"embeddable":true,"href":"https:\/\/enjoymiamibeach.com\/espanol\/wp-json\/wp\/v2\/pages\/173"}],"wp:attachment":[{"href":"https:\/\/enjoymiamibeach.com\/espanol\/wp-json\/wp\/v2\/media?parent=171"}],"curies":[{"name":"wp","href":"https:\/\/api.w.org\/{rel}","templated":true}]}}