{"id":1202,"date":"2017-06-12T12:17:11","date_gmt":"2017-06-12T17:17:11","guid":{"rendered":"https:\/\/enjoymiamibeach.com\/espanol\/?page_id=1202"},"modified":"2019-12-22T13:58:18","modified_gmt":"2019-12-22T18:58:18","slug":"affiliate-disclaimer","status":"publish","type":"page","link":"https:\/\/enjoymiamibeach.com\/espanol\/affiliate-disclaimer\/","title":{"rendered":"Advertencia sobre enlaces afiliados"},"content":{"rendered":"<p>Estimado visitante,<\/p>\n<p>Tenga en cuenta que este sitio contiene algunos anuncios y enlaces a productos afiliados y que podr\u00edamos ganar una comisi\u00f3n por cualquier compra que realice al hacer click en ellos. El uso de estos enlaces no le costar\u00e1 ning\u00fan dinero extra y los peque\u00f1os ingresos que podr\u00edamos obtener por esto ayudar\u00e1n a mantener vivo este sitio.<\/p>\n<p>Queremos que est\u00e9 seguro de que seremos transparentes y que s\u00f3lo promoveremos y respaldaremos productos y servicios en los que creamos plenamente y que hemos probado nosotros mismos.<\/p>\n<p>Gracias por su confianza y patrocinio.<\/p>\n<p>Si tiene alguna pregunta, no dude en <a style=\"font-size: inherit;\" href=\"https:\/\/enjoymiamibeach.com\/espanol\/contact-us\/\">contactarnos.<\/a><\/p>\n<p>Saludos,<\/p>\n<p>Tamara y Mark<\/p>\n\n\n<p><\/p>\n","protected":false},"excerpt":{"rendered":"<p>Estimado visitante, Tenga en cuenta que este sitio contiene algunos anuncios y enlaces a productos afiliados y que podr\u00edamos ganar una comisi\u00f3n por cualquier compra que realice al hacer click en ellos. El uso de estos enlaces no le costar\u00e1 ning\u00fan dinero extra y los <a class=\"more-link\" href=\"https:\/\/enjoymiamibeach.com\/espanol\/affiliate-disclaimer\/\">Read More &#8230;<\/a><\/p>\n","protected":false},"author":1,"featured_media":0,"parent":0,"menu_order":0,"comment_status":"closed","ping_status":"closed","template":"","meta":[],"yoast_head":"<!-- This site is optimized with the Yoast SEO plugin v18.8 - https:\/\/yoast.com\/wordpress\/plugins\/seo\/ -->\n<title>Advertencia sobre enlaces afiliados - ENJOY MIAMI BEACH<\/title>\n<meta name=\"robots\" content=\"index, follow, max-snippet:-1, max-image-preview:large, max-video-preview:-1\" \/>\n<link rel=\"canonical\" href=\"https:\/\/enjoymiamibeach.com\/espanol\/affiliate-disclaimer\/\" \/>\n<meta property=\"og:locale\" content=\"es_ES\" \/>\n<meta property=\"og:type\" content=\"article\" \/>\n<meta property=\"og:title\" content=\"Advertencia sobre enlaces afiliados - ENJOY MIAMI BEACH\" \/>\n<meta property=\"og:description\" content=\"Estimado visitante, Tenga en cuenta que este sitio contiene algunos anuncios y enlaces a productos afiliados y que podr\u00edamos ganar una comisi\u00f3n por cualquier compra que realice al hacer click en ellos. El uso de estos enlaces no le costar\u00e1 ning\u00fan dinero extra y los Read More ...\" \/>\n<meta property=\"og:url\" content=\"https:\/\/enjoymiamibeach.com\/espanol\/affiliate-disclaimer\/\" \/>\n<meta property=\"og:site_name\" content=\"ENJOY MIAMI BEACH\" \/>\n<meta property=\"article:modified_time\" content=\"2019-12-22T18:58:18+00:00\" \/>\n<meta name=\"twitter:card\" content=\"summary\" \/>\n<meta name=\"twitter:label1\" content=\"Tiempo de lectura\" \/>\n\t<meta name=\"twitter:data1\" content=\"1 minuto\" \/>\n<script type=\"application\/ld+json\" class=\"yoast-schema-graph\">{\"@context\":\"https:\/\/schema.org\",\"@graph\":[{\"@type\":\"WebSite\",\"@id\":\"https:\/\/enjoymiamibeach.com\/espanol\/#website\",\"url\":\"https:\/\/enjoymiamibeach.com\/espanol\/\",\"name\":\"ENJOY MIAMI BEACH\",\"description\":\"Miami Beach informaci\u00f3n para el turista - precios de taxi - Ocean DR - Lincoln RD\",\"potentialAction\":[{\"@type\":\"SearchAction\",\"target\":{\"@type\":\"EntryPoint\",\"urlTemplate\":\"https:\/\/enjoymiamibeach.com\/espanol\/?s={search_term_string}\"},\"query-input\":\"required name=search_term_string\"}],\"inLanguage\":\"es\"},{\"@type\":\"WebPage\",\"@id\":\"https:\/\/enjoymiamibeach.com\/espanol\/affiliate-disclaimer\/#webpage\",\"url\":\"https:\/\/enjoymiamibeach.com\/espanol\/affiliate-disclaimer\/\",\"name\":\"Advertencia sobre enlaces afiliados - ENJOY MIAMI BEACH\",\"isPartOf\":{\"@id\":\"https:\/\/enjoymiamibeach.com\/espanol\/#website\"},\"datePublished\":\"2017-06-12T17:17:11+00:00\",\"dateModified\":\"2019-12-22T18:58:18+00:00\",\"breadcrumb\":{\"@id\":\"https:\/\/enjoymiamibeach.com\/espanol\/affiliate-disclaimer\/#breadcrumb\"},\"inLanguage\":\"es\",\"potentialAction\":[{\"@type\":\"ReadAction\",\"target\":[\"https:\/\/enjoymiamibeach.com\/espanol\/affiliate-disclaimer\/\"]}]},{\"@type\":\"BreadcrumbList\",\"@id\":\"https:\/\/enjoymiamibeach.com\/espanol\/affiliate-disclaimer\/#breadcrumb\",\"itemListElement\":[{\"@type\":\"ListItem\",\"position\":1,\"name\":\"Home\",\"item\":\"https:\/\/enjoymiamibeach.com\/espanol\/\"},{\"@type\":\"ListItem\",\"position\":2,\"name\":\"Advertencia sobre enlaces afiliados\"}]}]}<\/script>\n<!-- \/ Yoast SEO plugin. -->","yoast_head_json":{"title":"Advertencia sobre enlaces afiliados - ENJOY MIAMI BEACH","robots":{"index":"index","follow":"follow","max-snippet":"max-snippet:-1","max-image-preview":"max-image-preview:large","max-video-preview":"max-video-preview:-1"},"canonical":"https:\/\/enjoymiamibeach.com\/espanol\/affiliate-disclaimer\/","og_locale":"es_ES","og_type":"article","og_title":"Advertencia sobre enlaces afiliados - ENJOY MIAMI BEACH","og_description":"Estimado visitante, Tenga en cuenta que este sitio contiene algunos anuncios y enlaces a productos afiliados y que podr\u00edamos ganar una comisi\u00f3n por cualquier compra que realice al hacer click en ellos. El uso de estos enlaces no le costar\u00e1 ning\u00fan dinero extra y los Read More ...","og_url":"https:\/\/enjoymiamibeach.com\/espanol\/affiliate-disclaimer\/","og_site_name":"ENJOY MIAMI BEACH","article_modified_time":"2019-12-22T18:58:18+00:00","twitter_card":"summary","twitter_misc":{"Tiempo de lectura":"1 minuto"},"schema":{"@context":"https:\/\/schema.org","@graph":[{"@type":"WebSite","@id":"https:\/\/enjoymiamibeach.com\/espanol\/#website","url":"https:\/\/enjoymiamibeach.com\/espanol\/","name":"ENJOY MIAMI BEACH","description":"Miami Beach informaci\u00f3n para el turista - precios de taxi - Ocean DR - Lincoln RD","potentialAction":[{"@type":"SearchAction","target":{"@type":"EntryPoint","urlTemplate":"https:\/\/enjoymiamibeach.com\/espanol\/?s={search_term_string}"},"query-input":"required name=search_term_string"}],"inLanguage":"es"},{"@type":"WebPage","@id":"https:\/\/enjoymiamibeach.com\/espanol\/affiliate-disclaimer\/#webpage","url":"https:\/\/enjoymiamibeach.com\/espanol\/affiliate-disclaimer\/","name":"Advertencia sobre enlaces afiliados - ENJOY MIAMI BEACH","isPartOf":{"@id":"https:\/\/enjoymiamibeach.com\/espanol\/#website"},"datePublished":"2017-06-12T17:17:11+00:00","dateModified":"2019-12-22T18:58:18+00:00","breadcrumb":{"@id":"https:\/\/enjoymiamibeach.com\/espanol\/affiliate-disclaimer\/#breadcrumb"},"inLanguage":"es","potentialAction":[{"@type":"ReadAction","target":["https:\/\/enjoymiamibeach.com\/espanol\/affiliate-disclaimer\/"]}]},{"@type":"BreadcrumbList","@id":"https:\/\/enjoymiamibeach.com\/espanol\/affiliate-disclaimer\/#breadcrumb","itemListElement":[{"@type":"ListItem","position":1,"name":"Home","item":"https:\/\/enjoymiamibeach.com\/espanol\/"},{"@type":"ListItem","position":2,"name":"Advertencia sobre enlaces afiliados"}]}]}},"_links":{"self":[{"href":"https:\/\/enjoymiamibeach.com\/espanol\/wp-json\/wp\/v2\/pages\/1202"}],"collection":[{"href":"https:\/\/enjoymiamibeach.com\/espanol\/wp-json\/wp\/v2\/pages"}],"about":[{"href":"https:\/\/enjoymiamibeach.com\/espanol\/wp-json\/wp\/v2\/types\/page"}],"author":[{"embeddable":true,"href":"https:\/\/enjoymiamibeach.com\/espanol\/wp-json\/wp\/v2\/users\/1"}],"replies":[{"embeddable":true,"href":"https:\/\/enjoymiamibeach.com\/espanol\/wp-json\/wp\/v2\/comments?post=1202"}],"version-history":[{"count":3,"href":"https:\/\/enjoymiamibeach.com\/espanol\/wp-json\/wp\/v2\/pages\/1202\/revisions"}],"predecessor-version":[{"id":1366,"href":"https:\/\/enjoymiamibeach.com\/espanol\/wp-json\/wp\/v2\/pages\/1202\/revisions\/1366"}],"wp:attachment":[{"href":"https:\/\/enjoymiamibeach.com\/espanol\/wp-json\/wp\/v2\/media?parent=1202"}],"curies":[{"name":"wp","href":"https:\/\/api.w.org\/{rel}","templated":true}]}}